    {"id":22076,"date":"2024-02-24T11:40:54","date_gmt":"2024-02-24T10:40:54","guid":{"rendered":"https:\/\/eraportal.ecomcapsule.com\/demohorizont\/?page_id=22076"},"modified":"2024-02-24T16:06:24","modified_gmt":"2024-02-24T15:06:24","slug":"heu-funding-tender-opportunities-portal","status":"publish","type":"page","link":"https:\/\/eraportal.sk\/horizont-europa\/heu-funding-tender-opportunities-portal\/","title":{"rendered":"Zaregistruj organiz\u00e1ciu"},"content":{"rendered":"\t\t<div data-elementor-type=\"wp-page\" data-elementor-id=\"22076\" class=\"elementor elementor-22076\" data-elementor-post-type=\"page\">\n\t\t\t\t<div class=\"elementor-element elementor-element-3cc0bcc e-flex e-con-boxed e-con e-parent\" data-id=\"3cc0bcc\" data-element_type=\"container\">\n\t\t\t\t\t<div class=\"e-con-inner\">\n\t\t\t\t<div class=\"elementor-element elementor-element-875f9b8 elementor-widget elementor-widget-text-editor\" data-id=\"875f9b8\" data-element_type=\"widget\" data-widget_type=\"text-editor.default\">\n\t\t\t\t<div class=\"elementor-widget-container\">\n\t\t\t\t\t\t\t\t\t<p><a href=\"https:\/\/ec.europa.eu\/info\/funding-tenders\/opportunities\/portal\/screen\/home\" target=\"_blank\" rel=\"noreferrer noopener\">Port\u00e1l Funding &amp; Tender Opportunities<\/a>\u00a0je z\u00e1kladn\u00fd n\u00e1stroj pre \u017eiadate\u013eov\/\u00fa\u010dastn\u00edkov programu HE. Ide o unik\u00e1tny port\u00e1l zriaden\u00fd EK, cez ktor\u00fd v\u00fdlu\u010dne a elektronicky komunikujete s EK. Cez port\u00e1l pod\u00e1te projektov\u00fd n\u00e1vrh, n\u00e1jdete si partnerov do konzorcia, podp\u00ed\u0161ete grantov\u00fa dohodu s\u00a0EK at\u010f. Z\u00e1rove\u0148 sa m\u00f4\u017eete na \u0148om prihl\u00e1si\u0165 ako hodnotite\u013e projektov\u00fdch n\u00e1vrhov, a\u00a0to v\u0161etko elektronicky. Port\u00e1l je jedin\u00fd vstupn\u00fd bod pre interakciu t\u00fdkaj\u00facu sa programu pre v\u00fdskum a inov\u00e1cie v E\u00da s Eur\u00f3pskou komisiou a jej v\u00fdkonn\u00fdmi agent\u00farami. Pon\u00faka v\u00e1m slu\u017eby a n\u00e1stroje, ktor\u00e9 u\u013eah\u010duj\u00fa sledovanie a spr\u00e1vu va\u0161ich n\u00e1vrhov a projektov.<\/p><p>\u00a0<\/p><p>Ak sa chcete zapoji\u0165 do ak\u00e9hoko\u013evek projektov\u00e9ho n\u00e1vrhu alebo chcete poda\u0165 projektov\u00fd n\u00e1vrh, je potrebn\u00e9, aby va\u0161a organiz\u00e1cia bola zaregistrovan\u00e1 v\u00a0<a href=\"https:\/\/ec.europa.eu\/info\/funding-tenders\/opportunities\/portal\/screen\/how-to-participate\/participant-register\">Registri \u00fa\u010dastn\u00edkov port\u00e1lu pre financovanie a verejn\u00e9 s\u00fa\u0165a\u017ee<\/a>\u00a0a disponovala 9-miestnym identifika\u010dn\u00fdm k\u00f3dom \u00fa\u010dastn\u00edka (<strong>PIC<\/strong>).<\/p><p>\u00a0<\/p><p>M\u00f4\u017ee sa sta\u0165, \u017ee va\u0161a organiz\u00e1cia u\u017e m\u00e1 pridelen\u00e9 (PIC) a preto je\u00a0<a href=\"https:\/\/ec.europa.eu\/info\/funding-tenders\/opportunities\/portal\/screen\/how-to-participate\/participant-register\">potrebn\u00e9 si registr\u00e1ciu overi\u0165<\/a>, to znamen\u00e1 zisti\u0165 \u010di je va\u0161a organiz\u00e1cia u\u017e zaregistrovan\u00e1 a \u010di m\u00e1 pridelen\u00e9 PIC na port\u00e1li. Ak nie, m\u00f4\u017eete za\u010da\u0165 proces registr\u00e1cie na tej istej str\u00e1nke a po dokon\u010den\u00ed z\u00edska\u0165 PIC, ktor\u00fd pou\u017eijete pri akejko\u013evek kore\u0161pondencii s EK.<\/p><p>Ak je v\u00e1\u0161 n\u00e1vrh pos\u00faden\u00fd ako \u00faspe\u0161n\u00fd, bude v\u00e1m doru\u010den\u00e9 ozn\u00e1menie, \u017ee v\u00e1\u0161 n\u00e1vrh projektu je vybran\u00fd na financovanie. V pr\u00edpade potreby v\u00e1s Komisia po\u017eiada, aby ste:<\/p><ul><li>predlo\u017eili podporn\u00e9 listiny, ktor\u00e9 osved\u010duj\u00fa skuto\u010dnosti, ktor\u00e9 sta ozn\u00e1mili po\u010das registr\u00e1cie va\u0161ej organiz\u00e1cie<\/li><li>vymenovali ,,Z\u00e1stupcu pr\u00e1vnickej osoby\u201c (inak naz\u00fdvan\u00fd ako LEAR)<\/li><li>predlo\u017eili podporn\u00fa dokument\u00e1ciu na \u00fa\u010del overenia finan\u010dnej sp\u00f4sobilosti va\u0161ej organiz\u00e1cie.<\/li><\/ul><p>Cel\u00fd proces je podrobne pop\u00edsan\u00fd v\u00a0<a href=\"https:\/\/ec.europa.eu\/info\/funding-tenders\/opportunities\/docs\/2021-2027\/common\/guidance\/rules-lev-lear-fca_en.pdf\" target=\"_blank\" rel=\"noreferrer noopener\">Pravidl\u00e1ch pre overenie pr\u00e1vneho subjektu, menovanie LEARa a zhodnotenie finan\u010dnej sp\u00f4sobilosti \u017eiadate\u013ea<\/a>.<\/p><p>\u00a0<\/p><p>\u00a0<\/p><h4>\u0160trukt\u00fara port\u00e1lu Funding &amp; Tender Opportunities<\/h4><p>Port\u00e1l\u00a0sa del\u00ed na nieko\u013eko \u010dast\u00ed, niektor\u00e9 \u010dasti s\u00fa pr\u00edstupn\u00e9 v\u0161eobecne pre v\u0161etk\u00fdch, niektor\u00e9 len pre registrovan\u00fdch u\u017e\u00edvate\u013eov.<\/p><p><strong>\u00a0<\/strong><\/p><p><strong>Neregistrovan\u00ed<\/strong>\u00a0u\u017e\u00edvatelia m\u00f4\u017eu cez port\u00e1l:<\/p><ul><li>h\u013eada\u0165 sp\u00f4soby financovania pre svoj projektov\u00fd z\u00e1mer a\u00a0vyh\u013eada\u0165 si zverejnen\u00e9 v\u00fdzvy,<\/li><li>\u010d\u00edta\u0165 online manu\u00e1l pre Horizont Eur\u00f3pa a s\u0165ahova\u0165 pr\u00e1vne dokumenty a\u00a0podklady,<\/li><li>overi\u0165 si, \u010di je ich organiz\u00e1cia u\u017e zaregistrovan\u00e1,<\/li><li>kontaktova\u0165\u00a0slu\u017eby podpory alebo nav\u0161t\u00edvi\u0165 sekciu FAQ,<\/li><\/ul><p><strong>Registrovan\u00ed<\/strong>\u00a0u\u017e\u00edvatelia m\u00f4\u017eu prostredn\u00edctvom port\u00e1lu:<\/p><ul><li>poda\u0165 projektov\u00fd n\u00e1vrh,<\/li><li>podp\u00edsa\u0165 grantov\u00fa dohodu,<\/li><li>riadi\u0165 projekt po cel\u00fa dobu jeho \u017eivotn\u00e9ho cyklu.<\/li><\/ul><p><strong>Personalizovan\u00fd pr\u00edstup:<\/strong><\/p><ul><li><a href=\"https:\/\/eraportal.sk\/horizont-2020\/funding-tender-opportunities\/moja-zona\/\">Moja z\u00f3na alebo Manage My Area \u2013 len pre registrovan\u00fdch<\/a><\/li><li><a href=\"https:\/\/eraportal.sk\/horizont-2020\/funding-tender-opportunities\/moznosti-financovania\/\">Mo\u017enosti financovania (Funding Opportunities)<\/a><\/li><li><a href=\"https:\/\/eraportal.sk\/horizont-2020\/funding-tender-opportunities\/ako-sa-zucastnit\/\">Ako sa z\u00fa\u010dastni\u0165 (How to participate)<\/a><\/li><li><a href=\"https:\/\/eraportal.sk\/horizont-2020\/funding-tender-opportunities\/experti\/\">Experti(Experts)<\/a><\/li><li><a href=\"https:\/\/eraportal.sk\/horizont-2020\/funding-tender-opportunities\/podpora\/\">Podpora(Support)<\/a><\/li><\/ul><p>Z\u00a0domovskej str\u00e1nky\u00a0port\u00e1lu sa dostanete k\u00a0inform\u00e1ci\u00e1m o mo\u017enostiach financovania, o mo\u017enostiach \u00fa\u010dasti, ako sa sta\u0165 expertom, k\u00a0slu\u017eb\u00e1m podpory alebo sa m\u00f4\u017eete iba jednoducho prihl\u00e1si\u0165 a\u00a0otvoria sa v\u00e1m personalizovan\u00e9 \u010dasti port\u00e1lu.<\/p><p>Podrobn\u00e9 inform\u00e1cie o\u00a0v\u0161etk\u00fdch funkcionalit\u00e1ch\u00a0port\u00e1lu n\u00e1jdete v\u00a0manu\u00e1li.<\/p><p>\u00a0<\/p><p><strong>U\u017eito\u010dn\u00e9 vide\u00e1<\/strong>:<\/p><p><a href=\"https:\/\/ec.europa.eu\/research\/participants\/docs\/h2020-funding-guide\/other\/event210527.htm\" target=\"_blank\" rel=\"noreferrer noopener\">Webin\u00e1r Eur\u00f3pskej komisie: Port\u00e1l Funding &amp; Tender Opportunities pre za\u010diato\u010dn\u00edkov, 27.5.2021<\/a><\/p><p><a href=\"https:\/\/www.youtube.com\/watch?v=fp86eFuo1Z0&amp;t=130s\" target=\"_blank\" rel=\"noreferrer noopener\">Na \u010do sl\u00fa\u017ei PIC<\/a><\/p>\t\t\t\t\t\t\t\t<\/div>\n\t\t\t\t<\/div>\n\t\t\t\t\t<\/div>\n\t\t\t\t<\/div>\n\t\t\t\t<\/div>\n\t\t","protected":false},"excerpt":{"rendered":"<p>Port\u00e1l Funding &amp; Tender Opportunities\u00a0je z\u00e1kladn\u00fd n\u00e1stroj pre \u017eiadate\u013eov\/\u00fa\u010dastn\u00edkov programu HE. Ide o unik\u00e1tny port\u00e1l zriaden\u00fd EK, cez ktor\u00fd v\u00fdlu\u010dne a elektronicky komunikujete s EK. Cez port\u00e1l pod\u00e1te projektov\u00fd n\u00e1vrh, n\u00e1jdete si partnerov do konzorcia, podp\u00ed\u0161ete grantov\u00fa dohodu s\u00a0EK at\u010f. Z\u00e1rove\u0148 sa m\u00f4\u017eete na \u0148om prihl\u00e1si\u0165 ako hodnotite\u013e projektov\u00fdch n\u00e1vrhov, a\u00a0to v\u0161etko elektronicky. Port\u00e1l je [&hellip;]<\/p>\n","protected":false},"author":1,"featured_media":0,"parent":0,"menu_order":0,"comment_status":"closed","ping_status":"closed","template":"","meta":{"_acf_changed":false,"footnotes":""},"class_list":["post-22076","page","type-page","status-publish","hentry"],"yoast_head":"<!-- This site is optimized with the Yoast SEO plugin v24.4 - https:\/\/yoast.com\/wordpress\/plugins\/seo\/ -->\n<title>Zaregistruj organiz\u00e1ciu - Horizont Eur\u00f3pa<\/title>\n<meta name=\"robots\" content=\"index, follow, max-snippet:-1, max-image-preview:large, max-video-preview:-1\" \/>\n<link rel=\"canonical\" href=\"https:\/\/eraportal.sk\/horizont-europa\/heu-funding-tender-opportunities-portal\/\" \/>\n<meta property=\"og:locale\" content=\"sk_SK\" \/>\n<meta property=\"og:type\" content=\"article\" \/>\n<meta property=\"og:title\" content=\"Zaregistruj organiz\u00e1ciu - Horizont Eur\u00f3pa\" \/>\n<meta property=\"og:description\" content=\"Port\u00e1l Funding &amp; Tender Opportunities\u00a0je z\u00e1kladn\u00fd n\u00e1stroj pre \u017eiadate\u013eov\/\u00fa\u010dastn\u00edkov programu HE. Ide o unik\u00e1tny port\u00e1l zriaden\u00fd EK, cez ktor\u00fd v\u00fdlu\u010dne a elektronicky komunikujete s EK. Cez port\u00e1l pod\u00e1te projektov\u00fd n\u00e1vrh, n\u00e1jdete si partnerov do konzorcia, podp\u00ed\u0161ete grantov\u00fa dohodu s\u00a0EK at\u010f. Z\u00e1rove\u0148 sa m\u00f4\u017eete na \u0148om prihl\u00e1si\u0165 ako hodnotite\u013e projektov\u00fdch n\u00e1vrhov, a\u00a0to v\u0161etko elektronicky. Port\u00e1l je [&hellip;]\" \/>\n<meta property=\"og:url\" content=\"https:\/\/eraportal.sk\/horizont-europa\/heu-funding-tender-opportunities-portal\/\" \/>\n<meta property=\"og:site_name\" content=\"Horizont Eur\u00f3pa\" \/>\n<meta property=\"article:modified_time\" content=\"2024-02-24T15:06:24+00:00\" \/>\n<meta name=\"twitter:card\" content=\"summary_large_image\" \/>\n<meta name=\"twitter:label1\" content=\"Predpokladan\u00fd \u010das \u010d\u00edtania\" \/>\n\t<meta name=\"twitter:data1\" content=\"3 min\u00faty\" \/>\n<script type=\"application\/ld+json\" class=\"yoast-schema-graph\">{\"@context\":\"https:\/\/schema.org\",\"@graph\":[{\"@type\":\"WebPage\",\"@id\":\"https:\/\/eraportal.sk\/horizont-europa\/heu-funding-tender-opportunities-portal\/\",\"url\":\"https:\/\/eraportal.sk\/horizont-europa\/heu-funding-tender-opportunities-portal\/\",\"name\":\"Zaregistruj organiz\u00e1ciu - Horizont Eur\u00f3pa\",\"isPartOf\":{\"@id\":\"https:\/\/eraportal.sk\/horizont-europa\/#website\"},\"datePublished\":\"2024-02-24T10:40:54+00:00\",\"dateModified\":\"2024-02-24T15:06:24+00:00\",\"breadcrumb\":{\"@id\":\"https:\/\/eraportal.sk\/horizont-europa\/heu-funding-tender-opportunities-portal\/#breadcrumb\"},\"inLanguage\":\"sk-SK\",\"potentialAction\":[{\"@type\":\"ReadAction\",\"target\":[\"https:\/\/eraportal.sk\/horizont-europa\/heu-funding-tender-opportunities-portal\/\"]}]},{\"@type\":\"BreadcrumbList\",\"@id\":\"https:\/\/eraportal.sk\/horizont-europa\/heu-funding-tender-opportunities-portal\/#breadcrumb\",\"itemListElement\":[{\"@type\":\"ListItem\",\"position\":1,\"name\":\"Domovsk\u00e1 str\u00e1nka\",\"item\":\"https:\/\/eraportal.sk\/horizont-europa\/\"},{\"@type\":\"ListItem\",\"position\":2,\"name\":\"Zaregistruj organiz\u00e1ciu\"}]},{\"@type\":\"WebSite\",\"@id\":\"https:\/\/eraportal.sk\/horizont-europa\/#website\",\"url\":\"https:\/\/eraportal.sk\/horizont-europa\/\",\"name\":\"Horizont Eur\u00f3pa\",\"description\":\"\",\"publisher\":{\"@id\":\"https:\/\/eraportal.sk\/horizont-europa\/#organization\"},\"potentialAction\":[{\"@type\":\"SearchAction\",\"target\":{\"@type\":\"EntryPoint\",\"urlTemplate\":\"https:\/\/eraportal.sk\/horizont-europa\/?s={search_term_string}\"},\"query-input\":{\"@type\":\"PropertyValueSpecification\",\"valueRequired\":true,\"valueName\":\"search_term_string\"}}],\"inLanguage\":\"sk-SK\"},{\"@type\":\"Organization\",\"@id\":\"https:\/\/eraportal.sk\/horizont-europa\/#organization\",\"name\":\"Horizont Eur\u00f3pa\",\"url\":\"https:\/\/eraportal.sk\/horizont-europa\/\",\"logo\":{\"@type\":\"ImageObject\",\"inLanguage\":\"sk-SK\",\"@id\":\"https:\/\/eraportal.sk\/horizont-europa\/#\/schema\/logo\/image\/\",\"url\":\"https:\/\/eraportal.sk\/horizont-europa\/wp-content\/uploads\/sites\/4\/2024\/02\/Favicon_HEU.png\",\"contentUrl\":\"https:\/\/eraportal.sk\/horizont-europa\/wp-content\/uploads\/sites\/4\/2024\/02\/Favicon_HEU.png\",\"width\":512,\"height\":512,\"caption\":\"Horizont Eur\u00f3pa\"},\"image\":{\"@id\":\"https:\/\/eraportal.sk\/horizont-europa\/#\/schema\/logo\/image\/\"}}]}<\/script>\n<!-- \/ Yoast SEO plugin. -->","yoast_head_json":{"title":"Zaregistruj organiz\u00e1ciu - Horizont Eur\u00f3pa","robots":{"index":"index","follow":"follow","max-snippet":"max-snippet:-1","max-image-preview":"max-image-preview:large","max-video-preview":"max-video-preview:-1"},"canonical":"https:\/\/eraportal.sk\/horizont-europa\/heu-funding-tender-opportunities-portal\/","og_locale":"sk_SK","og_type":"article","og_title":"Zaregistruj organiz\u00e1ciu - Horizont Eur\u00f3pa","og_description":"Port\u00e1l Funding &amp; Tender Opportunities\u00a0je z\u00e1kladn\u00fd n\u00e1stroj pre \u017eiadate\u013eov\/\u00fa\u010dastn\u00edkov programu HE. Ide o unik\u00e1tny port\u00e1l zriaden\u00fd EK, cez ktor\u00fd v\u00fdlu\u010dne a elektronicky komunikujete s EK. Cez port\u00e1l pod\u00e1te projektov\u00fd n\u00e1vrh, n\u00e1jdete si partnerov do konzorcia, podp\u00ed\u0161ete grantov\u00fa dohodu s\u00a0EK at\u010f. Z\u00e1rove\u0148 sa m\u00f4\u017eete na \u0148om prihl\u00e1si\u0165 ako hodnotite\u013e projektov\u00fdch n\u00e1vrhov, a\u00a0to v\u0161etko elektronicky. Port\u00e1l je [&hellip;]","og_url":"https:\/\/eraportal.sk\/horizont-europa\/heu-funding-tender-opportunities-portal\/","og_site_name":"Horizont Eur\u00f3pa","article_modified_time":"2024-02-24T15:06:24+00:00","twitter_card":"summary_large_image","twitter_misc":{"Predpokladan\u00fd \u010das \u010d\u00edtania":"3 min\u00faty"},"schema":{"@context":"https:\/\/schema.org","@graph":[{"@type":"WebPage","@id":"https:\/\/eraportal.sk\/horizont-europa\/heu-funding-tender-opportunities-portal\/","url":"https:\/\/eraportal.sk\/horizont-europa\/heu-funding-tender-opportunities-portal\/","name":"Zaregistruj organiz\u00e1ciu - Horizont Eur\u00f3pa","isPartOf":{"@id":"https:\/\/eraportal.sk\/horizont-europa\/#website"},"datePublished":"2024-02-24T10:40:54+00:00","dateModified":"2024-02-24T15:06:24+00:00","breadcrumb":{"@id":"https:\/\/eraportal.sk\/horizont-europa\/heu-funding-tender-opportunities-portal\/#breadcrumb"},"inLanguage":"sk-SK","potentialAction":[{"@type":"ReadAction","target":["https:\/\/eraportal.sk\/horizont-europa\/heu-funding-tender-opportunities-portal\/"]}]},{"@type":"BreadcrumbList","@id":"https:\/\/eraportal.sk\/horizont-europa\/heu-funding-tender-opportunities-portal\/#breadcrumb","itemListElement":[{"@type":"ListItem","position":1,"name":"Domovsk\u00e1 str\u00e1nka","item":"https:\/\/eraportal.sk\/horizont-europa\/"},{"@type":"ListItem","position":2,"name":"Zaregistruj organiz\u00e1ciu"}]},{"@type":"WebSite","@id":"https:\/\/eraportal.sk\/horizont-europa\/#website","url":"https:\/\/eraportal.sk\/horizont-europa\/","name":"Horizont Eur\u00f3pa","description":"","publisher":{"@id":"https:\/\/eraportal.sk\/horizont-europa\/#organization"},"potentialAction":[{"@type":"SearchAction","target":{"@type":"EntryPoint","urlTemplate":"https:\/\/eraportal.sk\/horizont-europa\/?s={search_term_string}"},"query-input":{"@type":"PropertyValueSpecification","valueRequired":true,"valueName":"search_term_string"}}],"inLanguage":"sk-SK"},{"@type":"Organization","@id":"https:\/\/eraportal.sk\/horizont-europa\/#organization","name":"Horizont Eur\u00f3pa","url":"https:\/\/eraportal.sk\/horizont-europa\/","logo":{"@type":"ImageObject","inLanguage":"sk-SK","@id":"https:\/\/eraportal.sk\/horizont-europa\/#\/schema\/logo\/image\/","url":"https:\/\/eraportal.sk\/horizont-europa\/wp-content\/uploads\/sites\/4\/2024\/02\/Favicon_HEU.png","contentUrl":"https:\/\/eraportal.sk\/horizont-europa\/wp-content\/uploads\/sites\/4\/2024\/02\/Favicon_HEU.png","width":512,"height":512,"caption":"Horizont Eur\u00f3pa"},"image":{"@id":"https:\/\/eraportal.sk\/horizont-europa\/#\/schema\/logo\/image\/"}}]}},"acf":[],"_links":{"self":[{"href":"https:\/\/eraportal.sk\/horizont-europa\/wp-json\/wp\/v2\/pages\/22076","targetHints":{"allow":["GET"]}}],"collection":[{"href":"https:\/\/eraportal.sk\/horizont-europa\/wp-json\/wp\/v2\/pages"}],"about":[{"href":"https:\/\/eraportal.sk\/horizont-europa\/wp-json\/wp\/v2\/types\/page"}],"author":[{"embeddable":true,"href":"https:\/\/eraportal.sk\/horizont-europa\/wp-json\/wp\/v2\/users\/1"}],"replies":[{"embeddable":true,"href":"https:\/\/eraportal.sk\/horizont-europa\/wp-json\/wp\/v2\/comments?post=22076"}],"version-history":[{"count":4,"href":"https:\/\/eraportal.sk\/horizont-europa\/wp-json\/wp\/v2\/pages\/22076\/revisions"}],"predecessor-version":[{"id":22080,"href":"https:\/\/eraportal.sk\/horizont-europa\/wp-json\/wp\/v2\/pages\/22076\/revisions\/22080"}],"wp:attachment":[{"href":"https:\/\/eraportal.sk\/horizont-europa\/wp-json\/wp\/v2\/media?parent=22076"}],"curies":[{"name":"wp","href":"https:\/\/api.w.org\/{rel}","templated":true}]}}