    {"id":22025,"date":"2024-02-24T10:54:47","date_gmt":"2024-02-24T09:54:47","guid":{"rendered":"https:\/\/eraportal.ecomcapsule.com\/demohorizont\/?page_id=22025"},"modified":"2024-04-25T09:38:05","modified_gmt":"2024-04-25T07:38:05","slug":"heu-manual-na-vyhladavanie-partnerstiev","status":"publish","type":"page","link":"https:\/\/eraportal.sk\/horizont-europa\/heu-manual-na-vyhladavanie-partnerstiev\/","title":{"rendered":"N\u00e1jdi partnerov"},"content":{"rendered":"\t\t<div data-elementor-type=\"wp-page\" data-elementor-id=\"22025\" class=\"elementor elementor-22025\" data-elementor-post-type=\"page\">\n\t\t\t\t<div class=\"elementor-element elementor-element-e68b0d8 e-flex e-con-boxed e-con e-parent\" data-id=\"e68b0d8\" data-element_type=\"container\">\n\t\t\t\t\t<div class=\"e-con-inner\">\n\t\t\t\t<div class=\"elementor-element elementor-element-599dcf8 elementor-widget elementor-widget-text-editor\" data-id=\"599dcf8\" data-element_type=\"widget\" data-widget_type=\"text-editor.default\">\n\t\t\t\t<div class=\"elementor-widget-container\">\n\t\t\t\t\t\t\t\t\t<p>Pri pr\u00edprave projektov\u00fdch n\u00e1vrhov&nbsp;<a href=\"https:\/\/eraportal.sk\/horizont-europa\/aktualne-otvorene-vyzvy\/\" target=\"_blank\" rel=\"noreferrer noopener\">do v\u00fdziev<\/a>&nbsp;programu&nbsp;<a href=\"https:\/\/eraportal.sk\/horizont-europa\/heu-o-programe\/\" target=\"_blank\" rel=\"noreferrer noopener\">Horizontu Eur\u00f3pa<\/a>&nbsp;je jedn\u00fdch z najd\u00f4le\u017eitej\u0161\u00edch krokov vytvori\u0165 \u00faspe\u0161n\u00e9 medzin\u00e1rodn\u00e9 konzorcium zlo\u017een\u00e9 z viacer\u00fdch partnerov, ktor\u00ed bud\u00fa spolo\u010dne realizova\u0165 projektov\u00e9 \u00falohy. N\u00e1js\u0165 vhodn\u00fdch partnerov do konzorcia je pomerne n\u00e1ro\u010dn\u00e1 \u00faloha a&nbsp;vy\u017eaduje si to ur\u010dit\u00e9 \u00fasilie a&nbsp;aj zru\u010dnosti.<\/p>\n<p>Ke\u010f u\u017e viete o&nbsp;ak\u00fa v\u00fdzvu m\u00e1te z\u00e1ujem a&nbsp;o&nbsp;ak\u00fd typ projektu (akcie) p\u00f4jde, je potrebn\u00e9 vedie\u0165, ako a kde si n\u00e1js\u0165 vhodn\u00e9ho&nbsp;<strong>partnera\/ov.<\/strong>&nbsp;Mus\u00edte sa tie\u017e rozhodn\u00fa\u0165, \u010di chcete projekt koordinova\u0165 (t. j. riadi\u0165) alebo chcete by\u0165 iba partnerom v konzorciu a v r\u00e1mci neho plni\u0165 ur\u010dit\u00e9 projektov\u00e9 \u010di v\u00fdskumn\u00e9 \u00falohy. N\u00e1sledne mus\u00edte vedie\u0165, \u010do od partnera o\u010dak\u00e1vate a naopak mus\u00edte vedie\u0165, \u010do zas viete pon\u00faknu\u0165 vy. Na za\u010diatku treba ma\u0165 teda vypracovan\u00fd vlastn\u00fd odborn\u00fd profil, ktor\u00fd m\u00e1 sl\u00fa\u017ei\u0165 na va\u0161u prezent\u00e1ciu.<\/p>\n<p>Po\u010det partnerov potrebn\u00fdch na realiz\u00e1ciu projektu sa l\u00ed\u0161i&nbsp;pod\u013ea typu akcie, ako aj z\u00e1meru projektu. Aj ke\u010f&nbsp;<a href=\"https:\/\/eraportal.sk\/horizont-europa\/heu-pravidla-financovania\/#tabs_desc_64370_2\" target=\"_blank\" rel=\"noreferrer noopener\">minim\u00e1lny po\u010det s\u00fa 3 partneri<\/a>&nbsp;z troch \u010dlensk\u00fdch alebo asociovan\u00fdch \u0161t\u00e1tov, priemern\u00fd po\u010det partnerov v&nbsp;konzorciu je 8 a\u017e 13. Pri \u0161pecifick\u00fdch typoch akci\u00ed sa m\u00f4\u017ee po\u010det partnerov l\u00ed\u0161i\u0165. V ka\u017edej v\u00fdzve s\u00fa v\u017edy definovan\u00e9 aj&nbsp;\u0161pecifick\u00e9 podmienky \u00fa\u010dasti&nbsp;(napr. povinnos\u0165 zapoji\u0165 do konzorcia&nbsp;partnersk\u00e9 krajiny (AS), napr. Japonsko, \u010c\u00edna, Braz\u00edlia at\u010f., \u010di konkr\u00e9tny typ in\u0161tit\u00facie (napr. SME) \u010di in\u00fd minim\u00e1lny po\u010det partnerov at\u010f.&nbsp;<strong>Starostlivo \u010d\u00edtajte text v\u00fdzvy<\/strong>.<\/p>\n<p>Ma\u0165 zahrani\u010dn\u00e9ho partnera\/ov je pri v\u00e4\u010d\u0161ine projektov podmienkou. Podmienkou \u00fa\u010dasti v Horizonte Eur\u00f3pa je vytvorenie&nbsp;<strong>konzorcia<\/strong>. Podmienky s\u00fa ur\u010den\u00e9 typom akcie. Ak ide o&nbsp;akciu typu v\u00fdskumn\u00e1 a&nbsp;inova\u010dn\u00e1 akcia (RIA) a inova\u010dn\u00e1 akcia (IA), je podmienkou ma\u0165 minim\u00e1lne&nbsp;3 partnerov z 3 \u010dlensk\u00fdch \u0161t\u00e1tov (MS)&nbsp;alebo asociovan\u00fdch kraj\u00edn (AS).<\/p>\n<p>Vyh\u013ead\u00e1vanie partnerov je druh\u00fd najd\u00f4le\u017eitej\u0161\u00ed krok hne\u010f po ur\u010den\u00ed si v\u00fdzvy, v&nbsp;ktorej budete pod\u00e1va\u0165 projekt.<\/p>\n<div aria-hidden=\"true\">&nbsp;<\/div>\n<h3><strong>Mo\u017enosti h\u013eadania partnerov do projektov<\/strong>\u00fdch konzorci\u00ed<\/h3>\n<p>Pri h\u013eadan\u00ed partnera m\u00e1te viacero mo\u017enost\u00ed.<\/p>\n<ol>\n<li>Prv\u00fdm miestom kde h\u013eada\u0165 partnerov je <a href=\"https:\/\/ec.europa.eu\/info\/funding-tenders\/opportunities\/portal\/screen\/opportunities\/topic-search;callCode=null;freeTextSearchKeyword=;matchWholeText=true;typeCodes=1,2;statusCodes=31094502;programmePeriod=null;programCcm2Id=43108390;programDivisionCode=null;focusAreaCode=null;destination=null;mission=null;geographicalZonesCode=null;programmeDivisionProspect=null;startDateLte=null;startDateGte=null;crossCuttingPriorityCode=null;cpvCode=null;performanceOfDelivery=null;sortQuery=sortStatus;orderBy=asc;onlyTenders=false;topicListKey=topicSearchTablePageState\" target=\"_blank\" rel=\"noreferrer noopener\"><strong>EU Funding &amp;Tenders Portal, pod ka\u017edou zverejnenou v\u00fdzvou v \u010dasti Partner Search.<\/strong><\/a>&nbsp;N\u00e1jdete tu zoznam z\u00e1ujemcov o podanie projektov\u00e9ho n\u00e1vrh k danej v\u00fdzve, \u010di\u017ee ide o zoznam potenci\u00e1lnych partnerov pre va\u0161e projektov\u00e9 n\u00e1vrhy medzi zaregistrovan\u00fdmi organiz\u00e1ciami na port\u00e1le. Vyh\u013ead\u00e1va\u0165 m\u00f4\u017eete aj zadan\u00edm k\u013e\u00fa\u010dov\u00e9ho slova alebo t\u00e9my, pod\u013ea geografick\u00fdch krit\u00e9ri\u00ed \u010di pod\u013ea typu organiz\u00e1cie, pod\u013ea t\u00e9m, ktor\u00fdch sa organiz\u00e1cie z\u00fa\u010dastnili alebo prejavili z\u00e1ujem o \u00fa\u010das\u0165 v bud\u00facnosti.<\/li>\n<li>\u010ealej v\u00e1m vieme pom\u00f4c\u0165 aj my v&nbsp;<strong><a href=\"https:\/\/eraportal.sk\/horizont-europa\/heu-narodne-kontaktne-body\/\">N\u00e1rodnej kancel\u00e1rii Horizontu<\/a><\/strong>, a preto n\u00e1s po\u017eiadajte o \u0161\u00edrenie v\u00e1\u0161ho profilu (<a href=\"https:\/\/eraportal.sk\/wp-content\/uploads\/2023\/02\/Partner_Search_formular_HE.docx\" target=\"_blank\" rel=\"noreferrer noopener\">formul\u00e1r<\/a>) cez na\u0161e kontakty v danej oblasti v r\u00f4znych krajin\u00e1ch.<\/li>\n<li>Na na\u0161om webe si pozrite&nbsp;\u010das\u0165&nbsp;<strong><a href=\"https:\/\/eraportal.sk\/horizont-europa\/heu-ponuka-partnerstiev\/\" target=\"_blank\" rel=\"noreferrer noopener\">Ponuka partnerstiev do konzorci\u00ed<\/a><\/strong>, kde n\u00e1jdete aj vzor formul\u00e1ra pre h\u013eadanie partnerov.<\/li>\n<li>Partnerov je mo\u017en\u00e9 vyh\u013ead\u00e1va\u0165 aj cez in\u00e9<strong>&nbsp;projektov\u00e9 weby<\/strong>&nbsp;\u010di&nbsp;<strong>datab\u00e1zy NCPs<\/strong>. A&nbsp;to bu\u010f&nbsp;<strong>v\u0161eobecn\u00e9<\/strong>&nbsp;(nezameran\u00e9 na konkr\u00e9tnu oblas\u0165), alebo&nbsp;<strong>\u0161pecifick\u00e9\/ tematick\u00e9&nbsp;<\/strong>(venuj\u00face sa len jednej spolo\u010denskej oblasti).<\/li>\n<\/ol>\n<div>&nbsp;<\/div>\n<div>&nbsp;<\/div>\n<ul>\n<li><strong>V\u0160EOBECN\u00c9&nbsp;<\/strong>\u2013 na jednom mieste n\u00e1jdete profily in\u0161tit\u00faci\u00ed z r\u00f4znych oblast\u00ed, napr.&nbsp;<a href=\"https:\/\/cordis.europa.eu\/en\" target=\"_blank\" rel=\"noreferrer noopener\">CORDIS<\/a> \u010di&nbsp;<strong><a href=\"https:\/\/een.ec.europa.eu\/partnering-opportunities\" target=\"_blank\" rel=\"noreferrer noopener\">Enterprise Europe Network<\/a><\/strong>.<br><\/li>\n<\/ul>\n<div>&nbsp;<\/div>\n<ul>\n<li><strong>\u0160PECIFICK\u00c9<\/strong>&nbsp;\u2013 tematicky zameran\u00e9 weby sie\u0165ovac\u00edch projektov programu&nbsp;<strong>Horizont Eur\u00f3pa<\/strong>, ktor\u00e9 pon\u00fakaj\u00fa vlastn\u00e9 n\u00e1stroje na vyh\u013ead\u00e1vanie partnerov.<\/li>\n<\/ul>\n<ul>\n<li>pre klaster 1: Zdravie \u2013&nbsp;<a href=\"https:\/\/horizoneuropencpportal.eu\/cluster-1\" target=\"_blank\" rel=\"noreferrer noopener\">HNN 3.0<\/a>,<\/li>\n<li>pre klaster 2 \u2013 spolo\u010densk\u00e9 oblasti \u2013&nbsp;<a href=\"https:\/\/www.net4society.eu\/en\/Partner-Search-1787.html\" target=\"_blank\" rel=\"noreferrer noopener\">Net4SocietyHE<\/a>,<\/li>\n<li>pre klaster 3: Civiln\u00e1 bezpe\u010dnos\u0165 pre spolo\u010dnos\u0165 \u2013&nbsp;<a href=\"https:\/\/www.seren-project.eu\/\" target=\"_blank\" rel=\"noreferrer noopener\">SEREN5<\/a><\/li>\n<li>pre klaster 4: pre informa\u010dn\u00e9 a&nbsp;komunika\u010dn\u00e9 technol\u00f3gie&nbsp;<a href=\"https:\/\/www.ideal-ist.eu\/\" target=\"_blank\" rel=\"noreferrer noopener\">IDEAL-IST<\/a>, pre vesm\u00edr&nbsp;<a href=\"https:\/\/www.ncp-space.net\/\" target=\"_blank\" rel=\"noreferrer noopener\">Cosmos4HE&nbsp;<\/a>a pre priemysel&nbsp;<a href=\"https:\/\/ncp4industry.eu\/about-us\/\" target=\"_blank\" rel=\"noreferrer noopener\">NCP4Industry<\/a><\/li>\n<li>pre klaster 5 \u2013&nbsp;<a href=\"https:\/\/horizoneuropencpportal.eu\/cluster-5\" target=\"_blank\" rel=\"noreferrer noopener\">Greenet<\/a><\/li>\n<li>pre klaster 6 \u2013&nbsp;<a href=\"https:\/\/horizoneuropencpportal.eu\/cluster-6\" target=\"_blank\" rel=\"noreferrer noopener\">CARE4BIO<\/a><\/li>\n<li>roz\u0161irovanie \u00fa\u010dasti tzv. widening \u2013&nbsp;<a href=\"https:\/\/horizoneuropencpportal.eu\/widening-era\" target=\"_blank\" rel=\"noreferrer noopener\">WIDERA.NET<\/a><\/li>\n<li>platforma pre oblas\u0165 <a href=\"https:\/\/msca.b2match.io\/\" target=\"_blank\" rel=\"noopener\">MSCA<\/a><\/li>\n<\/ul>\n<div>&nbsp;<\/div>\n<p>Viac inform\u00e1ci\u00ed o h\u013eadan\u00ed partnerov n\u00e1jdete na<a href=\"https:\/\/ec.europa.eu\/info\/funding-tenders\/opportunities\/portal\/screen\/how-to-participate\/partner-search\" target=\"_blank\" rel=\"noreferrer noopener\"> EU Funding &amp; Tenders Portale<\/a>&nbsp;alebo&nbsp;<a href=\"https:\/\/eraportal.sk\/horizont-europa\/heu-narodne-kontaktne-body\/\" target=\"_blank\" rel=\"noreferrer noopener\">kontaktujte<\/a>&nbsp;Narodn\u00fa kancel\u00e1riu Horizontu.<\/p>\t\t\t\t\t\t\t\t<\/div>\n\t\t\t\t<\/div>\n\t\t\t\t\t<\/div>\n\t\t\t\t<\/div>\n\t\t\t\t<\/div>\n\t\t","protected":false},"excerpt":{"rendered":"<p>Pri pr\u00edprave projektov\u00fdch n\u00e1vrhov&nbsp;do v\u00fdziev&nbsp;programu&nbsp;Horizontu Eur\u00f3pa&nbsp;je jedn\u00fdch z najd\u00f4le\u017eitej\u0161\u00edch krokov vytvori\u0165 \u00faspe\u0161n\u00e9 medzin\u00e1rodn\u00e9 konzorcium zlo\u017een\u00e9 z viacer\u00fdch partnerov, ktor\u00ed bud\u00fa spolo\u010dne realizova\u0165 projektov\u00e9 \u00falohy. N\u00e1js\u0165 vhodn\u00fdch partnerov do konzorcia je pomerne n\u00e1ro\u010dn\u00e1 \u00faloha a&nbsp;vy\u017eaduje si to ur\u010dit\u00e9 \u00fasilie a&nbsp;aj zru\u010dnosti. Ke\u010f u\u017e viete o&nbsp;ak\u00fa v\u00fdzvu m\u00e1te z\u00e1ujem a&nbsp;o&nbsp;ak\u00fd typ projektu (akcie) p\u00f4jde, je potrebn\u00e9 vedie\u0165, [&hellip;]<\/p>\n","protected":false},"author":1,"featured_media":0,"parent":0,"menu_order":0,"comment_status":"closed","ping_status":"closed","template":"","meta":{"_acf_changed":false,"footnotes":""},"class_list":["post-22025","page","type-page","status-publish","hentry"],"yoast_head":"<!-- This site is optimized with the Yoast SEO plugin v24.4 - https:\/\/yoast.com\/wordpress\/plugins\/seo\/ -->\n<title>N\u00e1jdi partnerov - Horizont Eur\u00f3pa<\/title>\n<meta name=\"robots\" content=\"index, follow, max-snippet:-1, max-image-preview:large, max-video-preview:-1\" \/>\n<link rel=\"canonical\" href=\"https:\/\/eraportal.sk\/horizont-europa\/heu-manual-na-vyhladavanie-partnerstiev\/\" \/>\n<meta property=\"og:locale\" content=\"sk_SK\" \/>\n<meta property=\"og:type\" content=\"article\" \/>\n<meta property=\"og:title\" content=\"N\u00e1jdi partnerov - Horizont Eur\u00f3pa\" \/>\n<meta property=\"og:description\" content=\"Pri pr\u00edprave projektov\u00fdch n\u00e1vrhov&nbsp;do v\u00fdziev&nbsp;programu&nbsp;Horizontu Eur\u00f3pa&nbsp;je jedn\u00fdch z najd\u00f4le\u017eitej\u0161\u00edch krokov vytvori\u0165 \u00faspe\u0161n\u00e9 medzin\u00e1rodn\u00e9 konzorcium zlo\u017een\u00e9 z viacer\u00fdch partnerov, ktor\u00ed bud\u00fa spolo\u010dne realizova\u0165 projektov\u00e9 \u00falohy. N\u00e1js\u0165 vhodn\u00fdch partnerov do konzorcia je pomerne n\u00e1ro\u010dn\u00e1 \u00faloha a&nbsp;vy\u017eaduje si to ur\u010dit\u00e9 \u00fasilie a&nbsp;aj zru\u010dnosti. Ke\u010f u\u017e viete o&nbsp;ak\u00fa v\u00fdzvu m\u00e1te z\u00e1ujem a&nbsp;o&nbsp;ak\u00fd typ projektu (akcie) p\u00f4jde, je potrebn\u00e9 vedie\u0165, [&hellip;]\" \/>\n<meta property=\"og:url\" content=\"https:\/\/eraportal.sk\/horizont-europa\/heu-manual-na-vyhladavanie-partnerstiev\/\" \/>\n<meta property=\"og:site_name\" content=\"Horizont Eur\u00f3pa\" \/>\n<meta property=\"article:modified_time\" content=\"2024-04-25T07:38:05+00:00\" \/>\n<meta name=\"twitter:card\" content=\"summary_large_image\" \/>\n<meta name=\"twitter:label1\" content=\"Predpokladan\u00fd \u010das \u010d\u00edtania\" \/>\n\t<meta name=\"twitter:data1\" content=\"3 min\u00faty\" \/>\n<script type=\"application\/ld+json\" class=\"yoast-schema-graph\">{\"@context\":\"https:\/\/schema.org\",\"@graph\":[{\"@type\":\"WebPage\",\"@id\":\"https:\/\/eraportal.sk\/horizont-europa\/heu-manual-na-vyhladavanie-partnerstiev\/\",\"url\":\"https:\/\/eraportal.sk\/horizont-europa\/heu-manual-na-vyhladavanie-partnerstiev\/\",\"name\":\"N\u00e1jdi partnerov - Horizont Eur\u00f3pa\",\"isPartOf\":{\"@id\":\"https:\/\/eraportal.sk\/horizont-europa\/#website\"},\"datePublished\":\"2024-02-24T09:54:47+00:00\",\"dateModified\":\"2024-04-25T07:38:05+00:00\",\"breadcrumb\":{\"@id\":\"https:\/\/eraportal.sk\/horizont-europa\/heu-manual-na-vyhladavanie-partnerstiev\/#breadcrumb\"},\"inLanguage\":\"sk-SK\",\"potentialAction\":[{\"@type\":\"ReadAction\",\"target\":[\"https:\/\/eraportal.sk\/horizont-europa\/heu-manual-na-vyhladavanie-partnerstiev\/\"]}]},{\"@type\":\"BreadcrumbList\",\"@id\":\"https:\/\/eraportal.sk\/horizont-europa\/heu-manual-na-vyhladavanie-partnerstiev\/#breadcrumb\",\"itemListElement\":[{\"@type\":\"ListItem\",\"position\":1,\"name\":\"Domovsk\u00e1 str\u00e1nka\",\"item\":\"https:\/\/eraportal.sk\/horizont-europa\/\"},{\"@type\":\"ListItem\",\"position\":2,\"name\":\"N\u00e1jdi partnerov\"}]},{\"@type\":\"WebSite\",\"@id\":\"https:\/\/eraportal.sk\/horizont-europa\/#website\",\"url\":\"https:\/\/eraportal.sk\/horizont-europa\/\",\"name\":\"Horizont Eur\u00f3pa\",\"description\":\"\",\"publisher\":{\"@id\":\"https:\/\/eraportal.sk\/horizont-europa\/#organization\"},\"potentialAction\":[{\"@type\":\"SearchAction\",\"target\":{\"@type\":\"EntryPoint\",\"urlTemplate\":\"https:\/\/eraportal.sk\/horizont-europa\/?s={search_term_string}\"},\"query-input\":{\"@type\":\"PropertyValueSpecification\",\"valueRequired\":true,\"valueName\":\"search_term_string\"}}],\"inLanguage\":\"sk-SK\"},{\"@type\":\"Organization\",\"@id\":\"https:\/\/eraportal.sk\/horizont-europa\/#organization\",\"name\":\"Horizont Eur\u00f3pa\",\"url\":\"https:\/\/eraportal.sk\/horizont-europa\/\",\"logo\":{\"@type\":\"ImageObject\",\"inLanguage\":\"sk-SK\",\"@id\":\"https:\/\/eraportal.sk\/horizont-europa\/#\/schema\/logo\/image\/\",\"url\":\"https:\/\/eraportal.sk\/horizont-europa\/wp-content\/uploads\/sites\/4\/2024\/02\/Favicon_HEU.png\",\"contentUrl\":\"https:\/\/eraportal.sk\/horizont-europa\/wp-content\/uploads\/sites\/4\/2024\/02\/Favicon_HEU.png\",\"width\":512,\"height\":512,\"caption\":\"Horizont Eur\u00f3pa\"},\"image\":{\"@id\":\"https:\/\/eraportal.sk\/horizont-europa\/#\/schema\/logo\/image\/\"}}]}<\/script>\n<!-- \/ Yoast SEO plugin. -->","yoast_head_json":{"title":"N\u00e1jdi partnerov - Horizont Eur\u00f3pa","robots":{"index":"index","follow":"follow","max-snippet":"max-snippet:-1","max-image-preview":"max-image-preview:large","max-video-preview":"max-video-preview:-1"},"canonical":"https:\/\/eraportal.sk\/horizont-europa\/heu-manual-na-vyhladavanie-partnerstiev\/","og_locale":"sk_SK","og_type":"article","og_title":"N\u00e1jdi partnerov - Horizont Eur\u00f3pa","og_description":"Pri pr\u00edprave projektov\u00fdch n\u00e1vrhov&nbsp;do v\u00fdziev&nbsp;programu&nbsp;Horizontu Eur\u00f3pa&nbsp;je jedn\u00fdch z najd\u00f4le\u017eitej\u0161\u00edch krokov vytvori\u0165 \u00faspe\u0161n\u00e9 medzin\u00e1rodn\u00e9 konzorcium zlo\u017een\u00e9 z viacer\u00fdch partnerov, ktor\u00ed bud\u00fa spolo\u010dne realizova\u0165 projektov\u00e9 \u00falohy. N\u00e1js\u0165 vhodn\u00fdch partnerov do konzorcia je pomerne n\u00e1ro\u010dn\u00e1 \u00faloha a&nbsp;vy\u017eaduje si to ur\u010dit\u00e9 \u00fasilie a&nbsp;aj zru\u010dnosti. Ke\u010f u\u017e viete o&nbsp;ak\u00fa v\u00fdzvu m\u00e1te z\u00e1ujem a&nbsp;o&nbsp;ak\u00fd typ projektu (akcie) p\u00f4jde, je potrebn\u00e9 vedie\u0165, [&hellip;]","og_url":"https:\/\/eraportal.sk\/horizont-europa\/heu-manual-na-vyhladavanie-partnerstiev\/","og_site_name":"Horizont Eur\u00f3pa","article_modified_time":"2024-04-25T07:38:05+00:00","twitter_card":"summary_large_image","twitter_misc":{"Predpokladan\u00fd \u010das \u010d\u00edtania":"3 min\u00faty"},"schema":{"@context":"https:\/\/schema.org","@graph":[{"@type":"WebPage","@id":"https:\/\/eraportal.sk\/horizont-europa\/heu-manual-na-vyhladavanie-partnerstiev\/","url":"https:\/\/eraportal.sk\/horizont-europa\/heu-manual-na-vyhladavanie-partnerstiev\/","name":"N\u00e1jdi partnerov - Horizont Eur\u00f3pa","isPartOf":{"@id":"https:\/\/eraportal.sk\/horizont-europa\/#website"},"datePublished":"2024-02-24T09:54:47+00:00","dateModified":"2024-04-25T07:38:05+00:00","breadcrumb":{"@id":"https:\/\/eraportal.sk\/horizont-europa\/heu-manual-na-vyhladavanie-partnerstiev\/#breadcrumb"},"inLanguage":"sk-SK","potentialAction":[{"@type":"ReadAction","target":["https:\/\/eraportal.sk\/horizont-europa\/heu-manual-na-vyhladavanie-partnerstiev\/"]}]},{"@type":"BreadcrumbList","@id":"https:\/\/eraportal.sk\/horizont-europa\/heu-manual-na-vyhladavanie-partnerstiev\/#breadcrumb","itemListElement":[{"@type":"ListItem","position":1,"name":"Domovsk\u00e1 str\u00e1nka","item":"https:\/\/eraportal.sk\/horizont-europa\/"},{"@type":"ListItem","position":2,"name":"N\u00e1jdi partnerov"}]},{"@type":"WebSite","@id":"https:\/\/eraportal.sk\/horizont-europa\/#website","url":"https:\/\/eraportal.sk\/horizont-europa\/","name":"Horizont Eur\u00f3pa","description":"","publisher":{"@id":"https:\/\/eraportal.sk\/horizont-europa\/#organization"},"potentialAction":[{"@type":"SearchAction","target":{"@type":"EntryPoint","urlTemplate":"https:\/\/eraportal.sk\/horizont-europa\/?s={search_term_string}"},"query-input":{"@type":"PropertyValueSpecification","valueRequired":true,"valueName":"search_term_string"}}],"inLanguage":"sk-SK"},{"@type":"Organization","@id":"https:\/\/eraportal.sk\/horizont-europa\/#organization","name":"Horizont Eur\u00f3pa","url":"https:\/\/eraportal.sk\/horizont-europa\/","logo":{"@type":"ImageObject","inLanguage":"sk-SK","@id":"https:\/\/eraportal.sk\/horizont-europa\/#\/schema\/logo\/image\/","url":"https:\/\/eraportal.sk\/horizont-europa\/wp-content\/uploads\/sites\/4\/2024\/02\/Favicon_HEU.png","contentUrl":"https:\/\/eraportal.sk\/horizont-europa\/wp-content\/uploads\/sites\/4\/2024\/02\/Favicon_HEU.png","width":512,"height":512,"caption":"Horizont Eur\u00f3pa"},"image":{"@id":"https:\/\/eraportal.sk\/horizont-europa\/#\/schema\/logo\/image\/"}}]}},"acf":[],"_links":{"self":[{"href":"https:\/\/eraportal.sk\/horizont-europa\/wp-json\/wp\/v2\/pages\/22025","targetHints":{"allow":["GET"]}}],"collection":[{"href":"https:\/\/eraportal.sk\/horizont-europa\/wp-json\/wp\/v2\/pages"}],"about":[{"href":"https:\/\/eraportal.sk\/horizont-europa\/wp-json\/wp\/v2\/types\/page"}],"author":[{"embeddable":true,"href":"https:\/\/eraportal.sk\/horizont-europa\/wp-json\/wp\/v2\/users\/1"}],"replies":[{"embeddable":true,"href":"https:\/\/eraportal.sk\/horizont-europa\/wp-json\/wp\/v2\/comments?post=22025"}],"version-history":[{"count":13,"href":"https:\/\/eraportal.sk\/horizont-europa\/wp-json\/wp\/v2\/pages\/22025\/revisions"}],"predecessor-version":[{"id":23197,"href":"https:\/\/eraportal.sk\/horizont-europa\/wp-json\/wp\/v2\/pages\/22025\/revisions\/23197"}],"wp:attachment":[{"href":"https:\/\/eraportal.sk\/horizont-europa\/wp-json\/wp\/v2\/media?parent=22025"}],"curies":[{"name":"wp","href":"https:\/\/api.w.org\/{rel}","templated":true}]}}