    {"id":22020,"date":"2024-02-24T10:50:51","date_gmt":"2024-02-24T09:50:51","guid":{"rendered":"https:\/\/eraportal.ecomcapsule.com\/demohorizont\/?page_id=22020"},"modified":"2024-02-24T14:19:36","modified_gmt":"2024-02-24T13:19:36","slug":"horizont-europa-najdi-vyzvu","status":"publish","type":"page","link":"https:\/\/eraportal.sk\/horizont-europa\/horizont-europa-najdi-vyzvu\/","title":{"rendered":"N\u00e1jdi v\u00fdzvu"},"content":{"rendered":"\t\t<div data-elementor-type=\"wp-page\" data-elementor-id=\"22020\" class=\"elementor elementor-22020\" data-elementor-post-type=\"page\">\n\t\t\t\t<div class=\"elementor-element elementor-element-c7bb21b e-flex e-con-boxed e-con e-parent\" data-id=\"c7bb21b\" data-element_type=\"container\">\n\t\t\t\t\t<div class=\"e-con-inner\">\n\t\t\t\t<div class=\"elementor-element elementor-element-80aa970 elementor-widget elementor-widget-text-editor\" data-id=\"80aa970\" data-element_type=\"widget\" data-widget_type=\"text-editor.default\">\n\t\t\t\t<div class=\"elementor-widget-container\">\n\t\t\t\t\t\t\t\t\t<p>Na za\u010diatku je potrebn\u00e9 ma\u0165 nejak\u00fa unik\u00e1tnu inovat\u00edvnu \u010di unik\u00e1tnu my\u0161lienku alebo z\u00e1mer. Program Horizont Eur\u00f3pa funguje na princ\u00edpoch zverej\u0148ovania\/vyhlasovania v\u00fdziev na pod\u00e1vanie projektov\u00fdch n\u00e1vrhov na konkr\u00e9tne t\u00e9my v jednotliv\u00fdch oblastiach\/ klastroch. V\u00fdzvy (Calls) spolu s podmienkami s\u00fa zverej\u0148ovan\u00e9 na port\u00e1li EK s n\u00e1zvom\u00a0<strong><a href=\"https:\/\/ec.europa.eu\/info\/funding-tenders\/opportunities\/portal\/screen\/home\">Funding &amp; tender opportunities<\/a><\/strong>\u00a0po publikovan\u00ed Pracovn\u00e9ho programu pre dan\u00fa oblas\u0165\/klaster. Port\u00e1l\u00a0<strong>Funding &amp; tender opportunities<\/strong>\u00a0teda sl\u00fa\u017ei na vyh\u013ead\u00e1vanie vhodn\u00fdch v\u00fdziev pre v\u00e1\u0161 z\u00e1mer.<\/p><p>\u00a0<\/p><p>\u00a0<\/p><p>Port\u00e1l\u00a0sa del\u00ed na nieko\u013eko \u010dast\u00ed, niektor\u00e9 \u010dasti s\u00fa pr\u00edstupn\u00e9 v\u0161eobecne pre v\u0161etk\u00fdch, niektor\u00e9 len pre registrovan\u00fdch u\u017e\u00edvate\u013eov.<\/p><p><strong>Neregistrovan\u00ed<\/strong>\u00a0u\u017e\u00edvatelia m\u00f4\u017eu cez port\u00e1l:<\/p><ul><li>h\u013eada\u0165 sp\u00f4soby financovania pre svoj projektov\u00fd z\u00e1mer a\u00a0vyh\u013eada\u0165 si zverejnen\u00e9 v\u00fdzvy,<\/li><li>\u010d\u00edta\u0165 online manu\u00e1l pre Horizont Eur\u00f3pa a s\u0165ahova\u0165 pr\u00e1vne dokumenty a\u00a0podklady,<\/li><li>overi\u0165 si, \u010di je ich organiz\u00e1cia u\u017e zaregistrovan\u00e1,<\/li><li>kontaktova\u0165\u00a0slu\u017eby podpory alebo nav\u0161t\u00edvi\u0165 sekciu FAQ,<\/li><\/ul><p><strong>Registrovan\u00ed<\/strong>\u00a0u\u017e\u00edvatelia m\u00f4\u017eu prostredn\u00edctvom port\u00e1lu:<\/p><ul><li>poda\u0165 projektov\u00fd n\u00e1vrh,<\/li><li>podp\u00edsa\u0165 grantov\u00fa dohodu,<\/li><li>riadi\u0165 projekt po cel\u00fa dobu jeho \u017eivotn\u00e9ho cyklu.<\/li><\/ul><p><strong>Personalizovan\u00fd pr\u00edstup:<\/strong><\/p><ul><li><a href=\"https:\/\/eraportal.sk\/horizont-2020\/funding-tender-opportunities\/moja-zona\/\">Moja z\u00f3na alebo Manage My Area \u2013 len pre registrovan\u00fdch<\/a><\/li><li><a href=\"https:\/\/eraportal.sk\/horizont-2020\/funding-tender-opportunities\/moznosti-financovania\/\">Mo\u017enosti financovania (Funding Opportunities)<\/a><\/li><li><a href=\"https:\/\/eraportal.sk\/horizont-2020\/funding-tender-opportunities\/ako-sa-zucastnit\/\">Ako sa z\u00fa\u010dastni\u0165 (How to participate)<\/a><\/li><li><a href=\"https:\/\/eraportal.sk\/horizont-2020\/funding-tender-opportunities\/experti\/\">Experti(Experts)<\/a><\/li><li><a href=\"https:\/\/eraportal.sk\/horizont-2020\/funding-tender-opportunities\/podpora\/\">Podpora(Support)<\/a><\/li><\/ul><p>Z\u00a0domovskej str\u00e1nky\u00a0port\u00e1lu sa dostanete k\u00a0inform\u00e1ci\u00e1m o mo\u017enostiach financovania, o mo\u017enostiach \u00fa\u010dasti, ako sa sta\u0165 expertom, k\u00a0slu\u017eb\u00e1m podpory alebo sa m\u00f4\u017eete iba jednoducho prihl\u00e1si\u0165 a\u00a0otvoria sa v\u00e1m personalizovan\u00e9 \u010dasti port\u00e1lu.<\/p><p>Podrobn\u00e9 inform\u00e1cie o\u00a0v\u0161etk\u00fdch funkcionalit\u00e1ch\u00a0port\u00e1lu n\u00e1jdete v\u00a0manu\u00e1li.<\/p><p>V\u00a0z\u00e1lo\u017eke\u00a0<strong><a href=\"https:\/\/ec.europa.eu\/info\/funding-tenders\/opportunities\/portal\/screen\/opportunities\/topic-search;freeTextSearchKeyword=;typeCodes=1;statusCodes=31094501,31094502,31094503;programCode=H2020;programDivisionCode=null;focusAreaCode=null;crossCuttingPriorityCode=null;callCode=Default;sortQuery=openingDate;orderBy=asc;onlyTenders=false;topicListKey=topicSearchTablePageState\" target=\"_blank\" rel=\"noreferrer noopener\">Search Funding &amp; Tenders<\/a><\/strong>\u00a0n\u00e1jdete zverejnen\u00e9 v\u00fdzvy pre jednotliv\u00e9 oblasti\/klastre. Najprv si zvo\u013ete vyh\u013ead\u00e1vanie pre program Horizont Eur\u00f3pa. N\u00e1sledne vyberiete mo\u017enos\u0165 GRANTS a vo vyh\u013ead\u00e1vacom okne\u00a0m\u00f4\u017eete relevantn\u00fa v\u00fdzvu vyh\u013ead\u00e1va\u0165 pod\u013ea zadan\u00fdch k\u013e\u00fa\u010dov\u00fdch slov alebo si vyh\u013eada\u0165 v\u0161etky zverejnen\u00e9 v\u00fdzvy:<\/p><ul><li>pod\u013ea \u0161pecifickej oblasti Horizontu Eur\u00f3pa (tzv. programme part),<\/li><li>pod\u013ea hlavn\u00fdch prior\u00edt Eur\u00f3pskej \u00fanie (focus area),<\/li><li>pod\u013ea prierezov\u00fdch prior\u00edt (cross-cutting priority),<\/li><li>pod\u013ea konkr\u00e9tnych k\u00f3dov v\u00fdziev.<\/li><\/ul><p>\u00a0<\/p><p>Je d\u00f4le\u017eit\u00e9 si uvedomi\u0165, \u017ee tieto krit\u00e9ri\u00e1 sa vz\u00e1jomne prekr\u00fdvaj\u00fa a\u00a0v\u00fdzva, ktor\u00fa h\u013ead\u00e1te, m\u00f4\u017ee by\u0165 zaraden\u00e1 aj vo viacer\u00fdch z\u00a0nich naraz. \u010ealej vyber\u00e1te, \u010di chcete h\u013eada\u0165 iba otvoren\u00e9 v\u00fdzvy alebo aj medzi uzavret\u00fdmi, \u010di nadch\u00e1dzaj\u00facimi. Je mo\u017en\u00e9 zoradenie aj pod\u013ea d\u00e1tumu otvorenia v\u00fdzvy, n\u00e1zvu, k\u00f3du alebo uzavretia v\u00fdzvy. Port\u00e1l zora\u010fuje v\u00fdzvy od najstar\u0161ej po najnov\u0161iu.<\/p><div class=\"wp-block-spacer\" aria-hidden=\"true\">\u00a0<\/div><figure class=\"wp-block-image\"><img fetchpriority=\"high\" decoding=\"async\" class=\"wp-image-22001\" src=\"http:\/\/novy.eraportal.sk\/wp-content\/uploads\/2019\/07\/Participant-portal-1-1024x494.jpg\" sizes=\"(max-width: 1024px) 100vw, 1024px\" srcset=\"https:\/\/eraportal.sk\/wp-content\/uploads\/2019\/07\/Participant-portal-1-1024x494.jpg 1024w, https:\/\/eraportal.sk\/wp-content\/uploads\/2019\/07\/Participant-portal-1-300x145.jpg 300w, https:\/\/eraportal.sk\/wp-content\/uploads\/2019\/07\/Participant-portal-1-768x370.jpg 768w, https:\/\/eraportal.sk\/wp-content\/uploads\/2019\/07\/Participant-portal-1.jpg 1893w\" alt=\"\" width=\"1024\" height=\"494\" \/><\/figure><p>Po v\u00fdbere konkr\u00e9tnej v\u00fdzvy sa dostanete na str\u00e1nku v\u00fdzvy, ktor\u00e1 v\u00e1m poskytne inform\u00e1cie o podmienkach danej v\u00fdzvy.<\/p><p>Na \u013eavej strane n\u00e1jdete menu s rozdelen\u00fdmi inform\u00e1ciami k danej v\u00fdzve:<\/p><div class=\"wp-block-spacer\" aria-hidden=\"true\">\u00a0<\/div><p><strong>General Information<\/strong>\u00a0\u2013 z\u00e1kladn\u00e9 inform\u00e1cie o v\u00fdzve, pracovnom programe, type akcie (projektu), rozpo\u010dte, otvoren\u00ed \u010di uz\u00e1vierke v\u00fdzvy.<\/p><p><strong>Topic Description<\/strong>\u00a0je samotn\u00fd text t\u00e9my rozdelen\u00fd na hlavn\u00e9 \u010dasti, a\u00a0to:<\/p><ul><li>Specific Challenge, kde EK vysvet\u013euje, pre\u010do je dan\u00fa problematiku potrebn\u00e9 rie\u0161i\u0165,<\/li><li>Scope \u2013\u00a0\u010do spad\u00e1 do rozsahu t\u00e9my,<\/li><li>Expected impact\u00a0\u2013 ak\u00e9 s\u00fa o\u010dak\u00e1van\u00e9 dopady a\u00a0dosiahnut\u00e9 v\u00fdsledky projektu.<\/li><\/ul><p><strong>Conditions &amp; Documents<\/strong>\u00a0\u2013 podmienky, pravidl\u00e1 a dokumenty k danej t\u00e9me, \u0161abl\u00f3ny n\u00e1vrhu projektu, anotovan\u00e1 grantov\u00e1 dohoda at\u010f.<\/p><p><strong>Partner Search<\/strong>\u00a0\u2013 ponuka partnerov k danej v\u00fdzvy; je mo\u017en\u00e9 zada\u0165 aj vlastn\u00fd dopyt, \u010di ponuku<\/p><p><strong>FAQs<\/strong>\u00a0\u2013 \u010dasto kladen\u00e9 ot\u00e1zky s odpove\u010fami od EK<\/p><p><strong>Submission Service<\/strong>\u00a0\u2013 cez tento n\u00e1stroj priamo pod\u00e1vate svoj projektov\u00fd n\u00e1vrh. Mus\u00edte ma\u0165 vytvoren\u00fd \u00fa\u010det ECAS. Po prihl\u00e1sen\u00ed sa pod va\u0161\u00edm ECAS \u00fa\u010dtom sa otvor\u00ed syst\u00e9m elektronick\u00e9ho pod\u00e1vania projektov. Sprievodcu krok za krokom pri\u00a0online pod\u00e1van\u00ed projektov n\u00e1jdete v\u00a0manu\u00e1li.<\/p><p>\u010cas\u0165\u00a0<strong>Get support<\/strong>\u00a0obsahuje linky na d\u00f4le\u017eit\u00e9 podporn\u00e9 dokumenty programu, ktor\u00e9 v\u00e1m maj\u00fa napom\u00f4c\u0165 pri pod\u00e1van\u00ed n\u00e1vrhu projektovej \u017eiadosti.<\/p><p>\u00a0<\/p><p>Viacer\u00e9 v\u00fdzvy umo\u017e\u0148uj\u00fa projektom vybrat\u00fdm na financovanie vyhlasova\u0165 tzv.\u00a0<strong>pod-v\u00fdzvy<\/strong>\u00a0(sub-calls) poskytuj\u00face tzv.\u00a0<strong>kask\u00e1dov\u00e9 financovanie<\/strong>, v\u00e4\u010d\u0161inou vo forme pau\u0161\u00e1lnych s\u00fam do 60 tis. EUR. Zoznam otvoren\u00fdch pod-v\u00fdziev v r\u00e1mci be\u017eiacich projektov je k dispoz\u00edcii na port\u00e1li Funding &amp; Tender Opportunities. Ich preh\u013ead n\u00e1jdete aj v sekcii Kask\u00e1dov\u00e9 granty na tomto webe.<\/p><div class=\"wp-block-spacer\" aria-hidden=\"true\">\u00a0<\/div><div class=\"wp-block-image\"><figure class=\"aligncenter is-resized\"><img decoding=\"async\" class=\"wp-image-23455\" src=\"http:\/\/eraportal.sk\/wp-content\/uploads\/2019\/09\/h2020-subcalls-1024x491.jpg\" sizes=\"(max-width: 978px) 100vw, 978px\" srcset=\"https:\/\/eraportal.sk\/wp-content\/uploads\/2019\/09\/h2020-subcalls-1024x491.jpg 1024w, https:\/\/eraportal.sk\/wp-content\/uploads\/2019\/09\/h2020-subcalls-300x144.jpg 300w, https:\/\/eraportal.sk\/wp-content\/uploads\/2019\/09\/h2020-subcalls-768x368.jpg 768w, https:\/\/eraportal.sk\/wp-content\/uploads\/2019\/09\/h2020-subcalls.jpg 1895w\" alt=\"\" width=\"978\" height=\"469\" \/><\/figure><\/div><div class=\"wp-block-spacer\" aria-hidden=\"true\">\u00a0<\/div>\t\t\t\t\t\t\t\t<\/div>\n\t\t\t\t<\/div>\n\t\t\t\t\t<\/div>\n\t\t\t\t<\/div>\n\t\t\t\t<\/div>\n\t\t","protected":false},"excerpt":{"rendered":"<p>Na za\u010diatku je potrebn\u00e9 ma\u0165 nejak\u00fa unik\u00e1tnu inovat\u00edvnu \u010di unik\u00e1tnu my\u0161lienku alebo z\u00e1mer. Program Horizont Eur\u00f3pa funguje na princ\u00edpoch zverej\u0148ovania\/vyhlasovania v\u00fdziev na pod\u00e1vanie projektov\u00fdch n\u00e1vrhov na konkr\u00e9tne t\u00e9my v jednotliv\u00fdch oblastiach\/ klastroch. V\u00fdzvy (Calls) spolu s podmienkami s\u00fa zverej\u0148ovan\u00e9 na port\u00e1li EK s n\u00e1zvom\u00a0Funding &amp; tender opportunities\u00a0po publikovan\u00ed Pracovn\u00e9ho programu pre dan\u00fa oblas\u0165\/klaster. Port\u00e1l\u00a0Funding &amp; [&hellip;]<\/p>\n","protected":false},"author":1,"featured_media":0,"parent":0,"menu_order":0,"comment_status":"closed","ping_status":"closed","template":"","meta":{"_acf_changed":false,"footnotes":""},"class_list":["post-22020","page","type-page","status-publish","hentry"],"yoast_head":"<!-- This site is optimized with the Yoast SEO plugin v24.4 - https:\/\/yoast.com\/wordpress\/plugins\/seo\/ -->\n<title>N\u00e1jdi v\u00fdzvu - Horizont Eur\u00f3pa<\/title>\n<meta name=\"robots\" content=\"index, follow, max-snippet:-1, max-image-preview:large, max-video-preview:-1\" \/>\n<link rel=\"canonical\" href=\"https:\/\/eraportal.sk\/horizont-europa\/horizont-europa-najdi-vyzvu\/\" \/>\n<meta property=\"og:locale\" content=\"sk_SK\" \/>\n<meta property=\"og:type\" content=\"article\" \/>\n<meta property=\"og:title\" content=\"N\u00e1jdi v\u00fdzvu - Horizont Eur\u00f3pa\" \/>\n<meta property=\"og:description\" content=\"Na za\u010diatku je potrebn\u00e9 ma\u0165 nejak\u00fa unik\u00e1tnu inovat\u00edvnu \u010di unik\u00e1tnu my\u0161lienku alebo z\u00e1mer. Program Horizont Eur\u00f3pa funguje na princ\u00edpoch zverej\u0148ovania\/vyhlasovania v\u00fdziev na pod\u00e1vanie projektov\u00fdch n\u00e1vrhov na konkr\u00e9tne t\u00e9my v jednotliv\u00fdch oblastiach\/ klastroch. V\u00fdzvy (Calls) spolu s podmienkami s\u00fa zverej\u0148ovan\u00e9 na port\u00e1li EK s n\u00e1zvom\u00a0Funding &amp; tender opportunities\u00a0po publikovan\u00ed Pracovn\u00e9ho programu pre dan\u00fa oblas\u0165\/klaster. Port\u00e1l\u00a0Funding &amp; [&hellip;]\" \/>\n<meta property=\"og:url\" content=\"https:\/\/eraportal.sk\/horizont-europa\/horizont-europa-najdi-vyzvu\/\" \/>\n<meta property=\"og:site_name\" content=\"Horizont Eur\u00f3pa\" \/>\n<meta property=\"article:modified_time\" content=\"2024-02-24T13:19:36+00:00\" \/>\n<meta property=\"og:image\" content=\"http:\/\/novy.eraportal.sk\/wp-content\/uploads\/2019\/07\/Participant-portal-1-1024x494.jpg\" \/>\n<meta name=\"twitter:card\" content=\"summary_large_image\" \/>\n<meta name=\"twitter:label1\" content=\"Predpokladan\u00fd \u010das \u010d\u00edtania\" \/>\n\t<meta name=\"twitter:data1\" content=\"4 min\u00faty\" \/>\n<script type=\"application\/ld+json\" class=\"yoast-schema-graph\">{\"@context\":\"https:\/\/schema.org\",\"@graph\":[{\"@type\":\"WebPage\",\"@id\":\"https:\/\/eraportal.sk\/horizont-europa\/horizont-europa-najdi-vyzvu\/\",\"url\":\"https:\/\/eraportal.sk\/horizont-europa\/horizont-europa-najdi-vyzvu\/\",\"name\":\"N\u00e1jdi v\u00fdzvu - Horizont Eur\u00f3pa\",\"isPartOf\":{\"@id\":\"https:\/\/eraportal.sk\/horizont-europa\/#website\"},\"primaryImageOfPage\":{\"@id\":\"https:\/\/eraportal.sk\/horizont-europa\/horizont-europa-najdi-vyzvu\/#primaryimage\"},\"image\":{\"@id\":\"https:\/\/eraportal.sk\/horizont-europa\/horizont-europa-najdi-vyzvu\/#primaryimage\"},\"thumbnailUrl\":\"http:\/\/novy.eraportal.sk\/wp-content\/uploads\/2019\/07\/Participant-portal-1-1024x494.jpg\",\"datePublished\":\"2024-02-24T09:50:51+00:00\",\"dateModified\":\"2024-02-24T13:19:36+00:00\",\"breadcrumb\":{\"@id\":\"https:\/\/eraportal.sk\/horizont-europa\/horizont-europa-najdi-vyzvu\/#breadcrumb\"},\"inLanguage\":\"sk-SK\",\"potentialAction\":[{\"@type\":\"ReadAction\",\"target\":[\"https:\/\/eraportal.sk\/horizont-europa\/horizont-europa-najdi-vyzvu\/\"]}]},{\"@type\":\"ImageObject\",\"inLanguage\":\"sk-SK\",\"@id\":\"https:\/\/eraportal.sk\/horizont-europa\/horizont-europa-najdi-vyzvu\/#primaryimage\",\"url\":\"http:\/\/novy.eraportal.sk\/wp-content\/uploads\/2019\/07\/Participant-portal-1-1024x494.jpg\",\"contentUrl\":\"http:\/\/novy.eraportal.sk\/wp-content\/uploads\/2019\/07\/Participant-portal-1-1024x494.jpg\"},{\"@type\":\"BreadcrumbList\",\"@id\":\"https:\/\/eraportal.sk\/horizont-europa\/horizont-europa-najdi-vyzvu\/#breadcrumb\",\"itemListElement\":[{\"@type\":\"ListItem\",\"position\":1,\"name\":\"Domovsk\u00e1 str\u00e1nka\",\"item\":\"https:\/\/eraportal.sk\/horizont-europa\/\"},{\"@type\":\"ListItem\",\"position\":2,\"name\":\"N\u00e1jdi v\u00fdzvu\"}]},{\"@type\":\"WebSite\",\"@id\":\"https:\/\/eraportal.sk\/horizont-europa\/#website\",\"url\":\"https:\/\/eraportal.sk\/horizont-europa\/\",\"name\":\"Horizont Eur\u00f3pa\",\"description\":\"\",\"publisher\":{\"@id\":\"https:\/\/eraportal.sk\/horizont-europa\/#organization\"},\"potentialAction\":[{\"@type\":\"SearchAction\",\"target\":{\"@type\":\"EntryPoint\",\"urlTemplate\":\"https:\/\/eraportal.sk\/horizont-europa\/?s={search_term_string}\"},\"query-input\":{\"@type\":\"PropertyValueSpecification\",\"valueRequired\":true,\"valueName\":\"search_term_string\"}}],\"inLanguage\":\"sk-SK\"},{\"@type\":\"Organization\",\"@id\":\"https:\/\/eraportal.sk\/horizont-europa\/#organization\",\"name\":\"Horizont Eur\u00f3pa\",\"url\":\"https:\/\/eraportal.sk\/horizont-europa\/\",\"logo\":{\"@type\":\"ImageObject\",\"inLanguage\":\"sk-SK\",\"@id\":\"https:\/\/eraportal.sk\/horizont-europa\/#\/schema\/logo\/image\/\",\"url\":\"https:\/\/eraportal.sk\/horizont-europa\/wp-content\/uploads\/sites\/4\/2024\/02\/Favicon_HEU.png\",\"contentUrl\":\"https:\/\/eraportal.sk\/horizont-europa\/wp-content\/uploads\/sites\/4\/2024\/02\/Favicon_HEU.png\",\"width\":512,\"height\":512,\"caption\":\"Horizont Eur\u00f3pa\"},\"image\":{\"@id\":\"https:\/\/eraportal.sk\/horizont-europa\/#\/schema\/logo\/image\/\"}}]}<\/script>\n<!-- \/ Yoast SEO plugin. -->","yoast_head_json":{"title":"N\u00e1jdi v\u00fdzvu - Horizont Eur\u00f3pa","robots":{"index":"index","follow":"follow","max-snippet":"max-snippet:-1","max-image-preview":"max-image-preview:large","max-video-preview":"max-video-preview:-1"},"canonical":"https:\/\/eraportal.sk\/horizont-europa\/horizont-europa-najdi-vyzvu\/","og_locale":"sk_SK","og_type":"article","og_title":"N\u00e1jdi v\u00fdzvu - Horizont Eur\u00f3pa","og_description":"Na za\u010diatku je potrebn\u00e9 ma\u0165 nejak\u00fa unik\u00e1tnu inovat\u00edvnu \u010di unik\u00e1tnu my\u0161lienku alebo z\u00e1mer. Program Horizont Eur\u00f3pa funguje na princ\u00edpoch zverej\u0148ovania\/vyhlasovania v\u00fdziev na pod\u00e1vanie projektov\u00fdch n\u00e1vrhov na konkr\u00e9tne t\u00e9my v jednotliv\u00fdch oblastiach\/ klastroch. V\u00fdzvy (Calls) spolu s podmienkami s\u00fa zverej\u0148ovan\u00e9 na port\u00e1li EK s n\u00e1zvom\u00a0Funding &amp; tender opportunities\u00a0po publikovan\u00ed Pracovn\u00e9ho programu pre dan\u00fa oblas\u0165\/klaster. Port\u00e1l\u00a0Funding &amp; [&hellip;]","og_url":"https:\/\/eraportal.sk\/horizont-europa\/horizont-europa-najdi-vyzvu\/","og_site_name":"Horizont Eur\u00f3pa","article_modified_time":"2024-02-24T13:19:36+00:00","og_image":[{"url":"http:\/\/novy.eraportal.sk\/wp-content\/uploads\/2019\/07\/Participant-portal-1-1024x494.jpg","type":"","width":"","height":""}],"twitter_card":"summary_large_image","twitter_misc":{"Predpokladan\u00fd \u010das \u010d\u00edtania":"4 min\u00faty"},"schema":{"@context":"https:\/\/schema.org","@graph":[{"@type":"WebPage","@id":"https:\/\/eraportal.sk\/horizont-europa\/horizont-europa-najdi-vyzvu\/","url":"https:\/\/eraportal.sk\/horizont-europa\/horizont-europa-najdi-vyzvu\/","name":"N\u00e1jdi v\u00fdzvu - Horizont Eur\u00f3pa","isPartOf":{"@id":"https:\/\/eraportal.sk\/horizont-europa\/#website"},"primaryImageOfPage":{"@id":"https:\/\/eraportal.sk\/horizont-europa\/horizont-europa-najdi-vyzvu\/#primaryimage"},"image":{"@id":"https:\/\/eraportal.sk\/horizont-europa\/horizont-europa-najdi-vyzvu\/#primaryimage"},"thumbnailUrl":"http:\/\/novy.eraportal.sk\/wp-content\/uploads\/2019\/07\/Participant-portal-1-1024x494.jpg","datePublished":"2024-02-24T09:50:51+00:00","dateModified":"2024-02-24T13:19:36+00:00","breadcrumb":{"@id":"https:\/\/eraportal.sk\/horizont-europa\/horizont-europa-najdi-vyzvu\/#breadcrumb"},"inLanguage":"sk-SK","potentialAction":[{"@type":"ReadAction","target":["https:\/\/eraportal.sk\/horizont-europa\/horizont-europa-najdi-vyzvu\/"]}]},{"@type":"ImageObject","inLanguage":"sk-SK","@id":"https:\/\/eraportal.sk\/horizont-europa\/horizont-europa-najdi-vyzvu\/#primaryimage","url":"http:\/\/novy.eraportal.sk\/wp-content\/uploads\/2019\/07\/Participant-portal-1-1024x494.jpg","contentUrl":"http:\/\/novy.eraportal.sk\/wp-content\/uploads\/2019\/07\/Participant-portal-1-1024x494.jpg"},{"@type":"BreadcrumbList","@id":"https:\/\/eraportal.sk\/horizont-europa\/horizont-europa-najdi-vyzvu\/#breadcrumb","itemListElement":[{"@type":"ListItem","position":1,"name":"Domovsk\u00e1 str\u00e1nka","item":"https:\/\/eraportal.sk\/horizont-europa\/"},{"@type":"ListItem","position":2,"name":"N\u00e1jdi v\u00fdzvu"}]},{"@type":"WebSite","@id":"https:\/\/eraportal.sk\/horizont-europa\/#website","url":"https:\/\/eraportal.sk\/horizont-europa\/","name":"Horizont Eur\u00f3pa","description":"","publisher":{"@id":"https:\/\/eraportal.sk\/horizont-europa\/#organization"},"potentialAction":[{"@type":"SearchAction","target":{"@type":"EntryPoint","urlTemplate":"https:\/\/eraportal.sk\/horizont-europa\/?s={search_term_string}"},"query-input":{"@type":"PropertyValueSpecification","valueRequired":true,"valueName":"search_term_string"}}],"inLanguage":"sk-SK"},{"@type":"Organization","@id":"https:\/\/eraportal.sk\/horizont-europa\/#organization","name":"Horizont Eur\u00f3pa","url":"https:\/\/eraportal.sk\/horizont-europa\/","logo":{"@type":"ImageObject","inLanguage":"sk-SK","@id":"https:\/\/eraportal.sk\/horizont-europa\/#\/schema\/logo\/image\/","url":"https:\/\/eraportal.sk\/horizont-europa\/wp-content\/uploads\/sites\/4\/2024\/02\/Favicon_HEU.png","contentUrl":"https:\/\/eraportal.sk\/horizont-europa\/wp-content\/uploads\/sites\/4\/2024\/02\/Favicon_HEU.png","width":512,"height":512,"caption":"Horizont Eur\u00f3pa"},"image":{"@id":"https:\/\/eraportal.sk\/horizont-europa\/#\/schema\/logo\/image\/"}}]}},"acf":[],"_links":{"self":[{"href":"https:\/\/eraportal.sk\/horizont-europa\/wp-json\/wp\/v2\/pages\/22020","targetHints":{"allow":["GET"]}}],"collection":[{"href":"https:\/\/eraportal.sk\/horizont-europa\/wp-json\/wp\/v2\/pages"}],"about":[{"href":"https:\/\/eraportal.sk\/horizont-europa\/wp-json\/wp\/v2\/types\/page"}],"author":[{"embeddable":true,"href":"https:\/\/eraportal.sk\/horizont-europa\/wp-json\/wp\/v2\/users\/1"}],"replies":[{"embeddable":true,"href":"https:\/\/eraportal.sk\/horizont-europa\/wp-json\/wp\/v2\/comments?post=22020"}],"version-history":[{"count":4,"href":"https:\/\/eraportal.sk\/horizont-europa\/wp-json\/wp\/v2\/pages\/22020\/revisions"}],"predecessor-version":[{"id":22024,"href":"https:\/\/eraportal.sk\/horizont-europa\/wp-json\/wp\/v2\/pages\/22020\/revisions\/22024"}],"wp:attachment":[{"href":"https:\/\/eraportal.sk\/horizont-europa\/wp-json\/wp\/v2\/media?parent=22020"}],"curies":[{"name":"wp","href":"https:\/\/api.w.org\/{rel}","templated":true}]}}