    {"id":1922,"date":"2023-12-07T14:41:35","date_gmt":"2023-12-07T13:41:35","guid":{"rendered":"https:\/\/eraportal.ecomcapsule.com\/demohorizont\/?page_id=1922"},"modified":"2024-04-25T09:41:24","modified_gmt":"2024-04-25T07:41:24","slug":"ponuky-cez-sietovacie-projekty","status":"publish","type":"page","link":"https:\/\/eraportal.sk\/horizont-europa\/partneri-do-konzorcii\/ponuky-cez-sietovacie-projekty\/","title":{"rendered":"Ponuky cez sie\u0165ovacie projekty"},"content":{"rendered":"\t\t<div data-elementor-type=\"wp-page\" data-elementor-id=\"1922\" class=\"elementor elementor-1922\" data-elementor-post-type=\"page\">\n\t\t\t\t<div class=\"elementor-element elementor-element-7cf92cc e-flex e-con-boxed e-con e-parent\" data-id=\"7cf92cc\" data-element_type=\"container\">\n\t\t\t\t\t<div class=\"e-con-inner\">\n\t\t\t\t<div class=\"elementor-element elementor-element-f98d2eb elementor-widget elementor-widget-text-editor\" data-id=\"f98d2eb\" data-element_type=\"widget\" data-widget_type=\"text-editor.default\">\n\t\t\t\t<div class=\"elementor-widget-container\">\n\t\t\t\t\t\t\t\t\t<p style=\"font-weight: 400;\">Partnerov do konzorci\u00ed je mo\u017en\u00e9 vyh\u013ead\u00e1va\u0165 a&nbsp;z\u00edska\u0165 cez weby sie\u0165ovac\u00edch projektov programu&nbsp;<strong>Horizont Eur\u00f3pa<\/strong>, ktor\u00e9 pon\u00fakaj\u00fa vlastn\u00e9 n\u00e1stroje na vyh\u013ead\u00e1vanie partnerov.<\/p>\n<p style=\"font-weight: 400;\">Pod\u013ea tematick\u00e9ho zamerania, ide o&nbsp;tieto sie\u0165ovacie projekty:&nbsp;<\/p>\n<ul style=\"font-weight: 400;\">\n<li>pre klaster 1: Zdravie \u2013&nbsp;<a href=\"https:\/\/horizoneuropencpportal.eu\/cluster-1\" data-saferedirecturl=\"https:\/\/www.google.com\/url?q=https:\/\/horizoneuropencpportal.eu\/cluster-1&amp;source=gmail&amp;ust=1702043908073000&amp;usg=AOvVaw3rSOJ7aNv58da8uTS1Oas9\">HNN 3.0<\/a>,<\/li>\n<li>pre klaster 2 \u2013 spolo\u010densk\u00e9 oblasti \u2013&nbsp;<a href=\"https:\/\/www.net4society.eu\/en\/Partner-Search-1787.html\" data-saferedirecturl=\"https:\/\/www.google.com\/url?q=https:\/\/www.net4society.eu\/en\/Partner-Search-1787.html&amp;source=gmail&amp;ust=1702043908073000&amp;usg=AOvVaw3jgwIEz8wosBFONwbmgHpn\">Net4SocietyHE<\/a>,<\/li>\n<li>pre klaster 3: Civiln\u00e1 bezpe\u010dnos\u0165 pre spolo\u010dnos\u0165 \u2013&nbsp;<a href=\"https:\/\/www.seren-project.eu\/\" data-saferedirecturl=\"https:\/\/www.google.com\/url?q=https:\/\/www.seren-project.eu\/&amp;source=gmail&amp;ust=1702043908073000&amp;usg=AOvVaw1EKvQHuWPR94cikMheHGdT\">SEREN5<\/a><\/li>\n<li>pre klaster 4: pre informa\u010dn\u00e9 a&nbsp;komunika\u010dn\u00e9 technol\u00f3gie&nbsp;<a href=\"https:\/\/www.ideal-ist.eu\/\" data-saferedirecturl=\"https:\/\/www.google.com\/url?q=https:\/\/www.ideal-ist.eu\/&amp;source=gmail&amp;ust=1702043908073000&amp;usg=AOvVaw12svK8vQi10jjkKP1sqfph\">IDEAL-IST<\/a>, pre vesm\u00edr&nbsp;<a href=\"https:\/\/www.ncp-space.net\/\" data-saferedirecturl=\"https:\/\/www.google.com\/url?q=https:\/\/www.ncp-space.net\/&amp;source=gmail&amp;ust=1702043908073000&amp;usg=AOvVaw3uFLnE5vvaCHBAVpL90g5j\">Cosmos4HE&nbsp;<\/a>a pre priemysel&nbsp;<a href=\"https:\/\/ncp4industry.eu\/about-us\/\" data-saferedirecturl=\"https:\/\/www.google.com\/url?q=https:\/\/ncp4industry.eu\/about-us\/&amp;source=gmail&amp;ust=1702043908073000&amp;usg=AOvVaw02KukdcB7Ia0crGgjzocUF\">NCP4Industry<\/a><\/li>\n<li>pre klaster 5 \u2013&nbsp;<a href=\"https:\/\/horizoneuropencpportal.eu\/cluster-5\" data-saferedirecturl=\"https:\/\/www.google.com\/url?q=https:\/\/horizoneuropencpportal.eu\/cluster-5&amp;source=gmail&amp;ust=1702043908073000&amp;usg=AOvVaw3dWKFf9kpkhCVOtCYEsfYe\">Greenet<\/a><\/li>\n<li>pre klaster 6 \u2013&nbsp;<a href=\"https:\/\/horizoneuropencpportal.eu\/cluster-6\" data-saferedirecturl=\"https:\/\/www.google.com\/url?q=https:\/\/horizoneuropencpportal.eu\/cluster-6&amp;source=gmail&amp;ust=1702043908073000&amp;usg=AOvVaw3zHDbcIcEXh2Lt72EEXQnb\">CARE4BIO<\/a><\/li>\n<li>roz\u0161irovanie \u00fa\u010dasti tzv. widening \u2013&nbsp;<a href=\"https:\/\/horizoneuropencpportal.eu\/widening-era\" data-saferedirecturl=\"https:\/\/www.google.com\/url?q=https:\/\/horizoneuropencpportal.eu\/widening-era&amp;source=gmail&amp;ust=1702043908073000&amp;usg=AOvVaw0lbhOht1MIPoqBlGw4-oQ8\">WIDERA.NET<\/a><\/li>\n<li>platforma pre oblas\u0165 <a href=\"https:\/\/msca.b2match.io\/\" target=\"_blank\" rel=\"noopener\">MSCA<\/a><\/li>\n<\/ul>\n<p style=\"font-weight: 400;\">Viac inform\u00e1ci\u00ed o h\u013eadan\u00ed partnerov n\u00e1jdete na<a href=\"https:\/\/ec.europa.eu\/info\/funding-tenders\/opportunities\/portal\/screen\/how-to-participate\/partner-search\" data-saferedirecturl=\"https:\/\/www.google.com\/url?q=https:\/\/ec.europa.eu\/info\/funding-tenders\/opportunities\/portal\/screen\/how-to-participate\/partner-search&amp;source=gmail&amp;ust=1702043908073000&amp;usg=AOvVaw3INYD_xwsf9akBwF6a8ayN\"> EU Funding &amp; Tenders Portal-e<\/a>&nbsp;alebo&nbsp;<a href=\"https:\/\/eraportal.sk\/horizont-europa\/heu-narodne-kontaktne-body\/\" data-saferedirecturl=\"https:\/\/www.google.com\/url?q=https:\/\/eraportal.sk\/horizont-europa\/heu-narodne-kontaktne-body\/&amp;source=gmail&amp;ust=1702043908073000&amp;usg=AOvVaw3Y3IuzqNgv064dIST71PIu\">kontaktujte<\/a>&nbsp;Narodn\u00fa kancel\u00e1riu Horizontu.<\/p>\t\t\t\t\t\t\t\t<\/div>\n\t\t\t\t<\/div>\n\t\t\t\t\t<\/div>\n\t\t\t\t<\/div>\n\t\t\t\t<\/div>\n\t\t","protected":false},"excerpt":{"rendered":"<p>Partnerov do konzorci\u00ed je mo\u017en\u00e9 vyh\u013ead\u00e1va\u0165 a&nbsp;z\u00edska\u0165 cez weby sie\u0165ovac\u00edch projektov programu&nbsp;Horizont Eur\u00f3pa, ktor\u00e9 pon\u00fakaj\u00fa vlastn\u00e9 n\u00e1stroje na vyh\u013ead\u00e1vanie partnerov. Pod\u013ea tematick\u00e9ho zamerania, ide o&nbsp;tieto sie\u0165ovacie projekty:&nbsp; pre klaster 1: Zdravie \u2013&nbsp;HNN 3.0, pre klaster 2 \u2013 spolo\u010densk\u00e9 oblasti \u2013&nbsp;Net4SocietyHE, pre klaster 3: Civiln\u00e1 bezpe\u010dnos\u0165 pre spolo\u010dnos\u0165 \u2013&nbsp;SEREN5 pre klaster 4: pre informa\u010dn\u00e9 a&nbsp;komunika\u010dn\u00e9 technol\u00f3gie&nbsp;IDEAL-IST, [&hellip;]<\/p>\n","protected":false},"author":1,"featured_media":0,"parent":53,"menu_order":0,"comment_status":"closed","ping_status":"closed","template":"","meta":{"_acf_changed":false,"footnotes":""},"class_list":["post-1922","page","type-page","status-publish","hentry"],"yoast_head":"<!-- This site is optimized with the Yoast SEO plugin v24.4 - https:\/\/yoast.com\/wordpress\/plugins\/seo\/ -->\n<title>Ponuky cez sie\u0165ovacie projekty - Horizont Eur\u00f3pa<\/title>\n<meta name=\"robots\" content=\"index, follow, max-snippet:-1, max-image-preview:large, max-video-preview:-1\" \/>\n<link rel=\"canonical\" href=\"https:\/\/eraportal.sk\/horizont-europa\/partneri-do-konzorcii\/ponuky-cez-sietovacie-projekty\/\" \/>\n<meta property=\"og:locale\" content=\"sk_SK\" \/>\n<meta property=\"og:type\" content=\"article\" \/>\n<meta property=\"og:title\" content=\"Ponuky cez sie\u0165ovacie projekty - Horizont Eur\u00f3pa\" \/>\n<meta property=\"og:description\" content=\"Partnerov do konzorci\u00ed je mo\u017en\u00e9 vyh\u013ead\u00e1va\u0165 a&nbsp;z\u00edska\u0165 cez weby sie\u0165ovac\u00edch projektov programu&nbsp;Horizont Eur\u00f3pa, ktor\u00e9 pon\u00fakaj\u00fa vlastn\u00e9 n\u00e1stroje na vyh\u013ead\u00e1vanie partnerov. Pod\u013ea tematick\u00e9ho zamerania, ide o&nbsp;tieto sie\u0165ovacie projekty:&nbsp; pre klaster 1: Zdravie \u2013&nbsp;HNN 3.0, pre klaster 2 \u2013 spolo\u010densk\u00e9 oblasti \u2013&nbsp;Net4SocietyHE, pre klaster 3: Civiln\u00e1 bezpe\u010dnos\u0165 pre spolo\u010dnos\u0165 \u2013&nbsp;SEREN5 pre klaster 4: pre informa\u010dn\u00e9 a&nbsp;komunika\u010dn\u00e9 technol\u00f3gie&nbsp;IDEAL-IST, [&hellip;]\" \/>\n<meta property=\"og:url\" content=\"https:\/\/eraportal.sk\/horizont-europa\/partneri-do-konzorcii\/ponuky-cez-sietovacie-projekty\/\" \/>\n<meta property=\"og:site_name\" content=\"Horizont Eur\u00f3pa\" \/>\n<meta property=\"article:modified_time\" content=\"2024-04-25T07:41:24+00:00\" \/>\n<meta name=\"twitter:card\" content=\"summary_large_image\" \/>\n<meta name=\"twitter:label1\" content=\"Predpokladan\u00fd \u010das \u010d\u00edtania\" \/>\n\t<meta name=\"twitter:data1\" content=\"1 min\u00fata\" \/>\n<script type=\"application\/ld+json\" class=\"yoast-schema-graph\">{\"@context\":\"https:\/\/schema.org\",\"@graph\":[{\"@type\":\"WebPage\",\"@id\":\"https:\/\/eraportal.sk\/horizont-europa\/partneri-do-konzorcii\/ponuky-cez-sietovacie-projekty\/\",\"url\":\"https:\/\/eraportal.sk\/horizont-europa\/partneri-do-konzorcii\/ponuky-cez-sietovacie-projekty\/\",\"name\":\"Ponuky cez sie\u0165ovacie projekty - Horizont Eur\u00f3pa\",\"isPartOf\":{\"@id\":\"https:\/\/eraportal.sk\/horizont-europa\/#website\"},\"datePublished\":\"2023-12-07T13:41:35+00:00\",\"dateModified\":\"2024-04-25T07:41:24+00:00\",\"breadcrumb\":{\"@id\":\"https:\/\/eraportal.sk\/horizont-europa\/partneri-do-konzorcii\/ponuky-cez-sietovacie-projekty\/#breadcrumb\"},\"inLanguage\":\"sk-SK\",\"potentialAction\":[{\"@type\":\"ReadAction\",\"target\":[\"https:\/\/eraportal.sk\/horizont-europa\/partneri-do-konzorcii\/ponuky-cez-sietovacie-projekty\/\"]}]},{\"@type\":\"BreadcrumbList\",\"@id\":\"https:\/\/eraportal.sk\/horizont-europa\/partneri-do-konzorcii\/ponuky-cez-sietovacie-projekty\/#breadcrumb\",\"itemListElement\":[{\"@type\":\"ListItem\",\"position\":1,\"name\":\"Domovsk\u00e1 str\u00e1nka\",\"item\":\"https:\/\/eraportal.sk\/horizont-europa\/\"},{\"@type\":\"ListItem\",\"position\":2,\"name\":\"Partneri do konzorci\u00ed\",\"item\":\"https:\/\/eraportal.sk\/horizont-europa\/partneri-do-konzorcii\/\"},{\"@type\":\"ListItem\",\"position\":3,\"name\":\"Ponuky cez sie\u0165ovacie projekty\"}]},{\"@type\":\"WebSite\",\"@id\":\"https:\/\/eraportal.sk\/horizont-europa\/#website\",\"url\":\"https:\/\/eraportal.sk\/horizont-europa\/\",\"name\":\"Horizont Eur\u00f3pa\",\"description\":\"\",\"publisher\":{\"@id\":\"https:\/\/eraportal.sk\/horizont-europa\/#organization\"},\"potentialAction\":[{\"@type\":\"SearchAction\",\"target\":{\"@type\":\"EntryPoint\",\"urlTemplate\":\"https:\/\/eraportal.sk\/horizont-europa\/?s={search_term_string}\"},\"query-input\":{\"@type\":\"PropertyValueSpecification\",\"valueRequired\":true,\"valueName\":\"search_term_string\"}}],\"inLanguage\":\"sk-SK\"},{\"@type\":\"Organization\",\"@id\":\"https:\/\/eraportal.sk\/horizont-europa\/#organization\",\"name\":\"Horizont Eur\u00f3pa\",\"url\":\"https:\/\/eraportal.sk\/horizont-europa\/\",\"logo\":{\"@type\":\"ImageObject\",\"inLanguage\":\"sk-SK\",\"@id\":\"https:\/\/eraportal.sk\/horizont-europa\/#\/schema\/logo\/image\/\",\"url\":\"https:\/\/eraportal.sk\/horizont-europa\/wp-content\/uploads\/sites\/4\/2024\/02\/Favicon_HEU.png\",\"contentUrl\":\"https:\/\/eraportal.sk\/horizont-europa\/wp-content\/uploads\/sites\/4\/2024\/02\/Favicon_HEU.png\",\"width\":512,\"height\":512,\"caption\":\"Horizont Eur\u00f3pa\"},\"image\":{\"@id\":\"https:\/\/eraportal.sk\/horizont-europa\/#\/schema\/logo\/image\/\"}}]}<\/script>\n<!-- \/ Yoast SEO plugin. -->","yoast_head_json":{"title":"Ponuky cez sie\u0165ovacie projekty - Horizont Eur\u00f3pa","robots":{"index":"index","follow":"follow","max-snippet":"max-snippet:-1","max-image-preview":"max-image-preview:large","max-video-preview":"max-video-preview:-1"},"canonical":"https:\/\/eraportal.sk\/horizont-europa\/partneri-do-konzorcii\/ponuky-cez-sietovacie-projekty\/","og_locale":"sk_SK","og_type":"article","og_title":"Ponuky cez sie\u0165ovacie projekty - Horizont Eur\u00f3pa","og_description":"Partnerov do konzorci\u00ed je mo\u017en\u00e9 vyh\u013ead\u00e1va\u0165 a&nbsp;z\u00edska\u0165 cez weby sie\u0165ovac\u00edch projektov programu&nbsp;Horizont Eur\u00f3pa, ktor\u00e9 pon\u00fakaj\u00fa vlastn\u00e9 n\u00e1stroje na vyh\u013ead\u00e1vanie partnerov. Pod\u013ea tematick\u00e9ho zamerania, ide o&nbsp;tieto sie\u0165ovacie projekty:&nbsp; pre klaster 1: Zdravie \u2013&nbsp;HNN 3.0, pre klaster 2 \u2013 spolo\u010densk\u00e9 oblasti \u2013&nbsp;Net4SocietyHE, pre klaster 3: Civiln\u00e1 bezpe\u010dnos\u0165 pre spolo\u010dnos\u0165 \u2013&nbsp;SEREN5 pre klaster 4: pre informa\u010dn\u00e9 a&nbsp;komunika\u010dn\u00e9 technol\u00f3gie&nbsp;IDEAL-IST, [&hellip;]","og_url":"https:\/\/eraportal.sk\/horizont-europa\/partneri-do-konzorcii\/ponuky-cez-sietovacie-projekty\/","og_site_name":"Horizont Eur\u00f3pa","article_modified_time":"2024-04-25T07:41:24+00:00","twitter_card":"summary_large_image","twitter_misc":{"Predpokladan\u00fd \u010das \u010d\u00edtania":"1 min\u00fata"},"schema":{"@context":"https:\/\/schema.org","@graph":[{"@type":"WebPage","@id":"https:\/\/eraportal.sk\/horizont-europa\/partneri-do-konzorcii\/ponuky-cez-sietovacie-projekty\/","url":"https:\/\/eraportal.sk\/horizont-europa\/partneri-do-konzorcii\/ponuky-cez-sietovacie-projekty\/","name":"Ponuky cez sie\u0165ovacie projekty - Horizont Eur\u00f3pa","isPartOf":{"@id":"https:\/\/eraportal.sk\/horizont-europa\/#website"},"datePublished":"2023-12-07T13:41:35+00:00","dateModified":"2024-04-25T07:41:24+00:00","breadcrumb":{"@id":"https:\/\/eraportal.sk\/horizont-europa\/partneri-do-konzorcii\/ponuky-cez-sietovacie-projekty\/#breadcrumb"},"inLanguage":"sk-SK","potentialAction":[{"@type":"ReadAction","target":["https:\/\/eraportal.sk\/horizont-europa\/partneri-do-konzorcii\/ponuky-cez-sietovacie-projekty\/"]}]},{"@type":"BreadcrumbList","@id":"https:\/\/eraportal.sk\/horizont-europa\/partneri-do-konzorcii\/ponuky-cez-sietovacie-projekty\/#breadcrumb","itemListElement":[{"@type":"ListItem","position":1,"name":"Domovsk\u00e1 str\u00e1nka","item":"https:\/\/eraportal.sk\/horizont-europa\/"},{"@type":"ListItem","position":2,"name":"Partneri do konzorci\u00ed","item":"https:\/\/eraportal.sk\/horizont-europa\/partneri-do-konzorcii\/"},{"@type":"ListItem","position":3,"name":"Ponuky cez sie\u0165ovacie projekty"}]},{"@type":"WebSite","@id":"https:\/\/eraportal.sk\/horizont-europa\/#website","url":"https:\/\/eraportal.sk\/horizont-europa\/","name":"Horizont Eur\u00f3pa","description":"","publisher":{"@id":"https:\/\/eraportal.sk\/horizont-europa\/#organization"},"potentialAction":[{"@type":"SearchAction","target":{"@type":"EntryPoint","urlTemplate":"https:\/\/eraportal.sk\/horizont-europa\/?s={search_term_string}"},"query-input":{"@type":"PropertyValueSpecification","valueRequired":true,"valueName":"search_term_string"}}],"inLanguage":"sk-SK"},{"@type":"Organization","@id":"https:\/\/eraportal.sk\/horizont-europa\/#organization","name":"Horizont Eur\u00f3pa","url":"https:\/\/eraportal.sk\/horizont-europa\/","logo":{"@type":"ImageObject","inLanguage":"sk-SK","@id":"https:\/\/eraportal.sk\/horizont-europa\/#\/schema\/logo\/image\/","url":"https:\/\/eraportal.sk\/horizont-europa\/wp-content\/uploads\/sites\/4\/2024\/02\/Favicon_HEU.png","contentUrl":"https:\/\/eraportal.sk\/horizont-europa\/wp-content\/uploads\/sites\/4\/2024\/02\/Favicon_HEU.png","width":512,"height":512,"caption":"Horizont Eur\u00f3pa"},"image":{"@id":"https:\/\/eraportal.sk\/horizont-europa\/#\/schema\/logo\/image\/"}}]}},"acf":[],"_links":{"self":[{"href":"https:\/\/eraportal.sk\/horizont-europa\/wp-json\/wp\/v2\/pages\/1922","targetHints":{"allow":["GET"]}}],"collection":[{"href":"https:\/\/eraportal.sk\/horizont-europa\/wp-json\/wp\/v2\/pages"}],"about":[{"href":"https:\/\/eraportal.sk\/horizont-europa\/wp-json\/wp\/v2\/types\/page"}],"author":[{"embeddable":true,"href":"https:\/\/eraportal.sk\/horizont-europa\/wp-json\/wp\/v2\/users\/1"}],"replies":[{"embeddable":true,"href":"https:\/\/eraportal.sk\/horizont-europa\/wp-json\/wp\/v2\/comments?post=1922"}],"version-history":[{"count":16,"href":"https:\/\/eraportal.sk\/horizont-europa\/wp-json\/wp\/v2\/pages\/1922\/revisions"}],"predecessor-version":[{"id":23200,"href":"https:\/\/eraportal.sk\/horizont-europa\/wp-json\/wp\/v2\/pages\/1922\/revisions\/23200"}],"up":[{"embeddable":true,"href":"https:\/\/eraportal.sk\/horizont-europa\/wp-json\/wp\/v2\/pages\/53"}],"wp:attachment":[{"href":"https:\/\/eraportal.sk\/horizont-europa\/wp-json\/wp\/v2\/media?parent=1922"}],"curies":[{"name":"wp","href":"https:\/\/api.w.org\/{rel}","templated":true}]}}