    {"id":31173,"date":"2026-04-28T13:57:06","date_gmt":"2026-04-28T11:57:06","guid":{"rendered":"https:\/\/eraportal.sk\/horizont-europa\/?post_type=aktualita&#038;p=31173"},"modified":"2026-04-28T13:57:07","modified_gmt":"2026-04-28T11:57:07","slug":"zaznam-z-podujatia-narodny-infoden-pre-klaster-4","status":"publish","type":"aktualita","link":"https:\/\/eraportal.sk\/horizont-europa\/aktualita\/zaznam-z-podujatia-narodny-infoden-pre-klaster-4\/","featured_media":0,"template":"","tags":[427],"oblast-horizont":[184],"class_list":["post-31173","aktualita","type-aktualita","status-publish","hentry","tag-horizont-europa","oblast-horizont-klaster-4-digitalizacia-priemysel-a-vesmir"],"yoast_head":"<!-- This site is optimized with the Yoast SEO plugin v24.4 - https:\/\/yoast.com\/wordpress\/plugins\/seo\/ -->\n<title>Z\u00e1znam z podujatia N\u00e1rodn\u00fd infode\u0148 pre Klaster 4 - Horizont Eur\u00f3pa<\/title>\n<meta name=\"robots\" content=\"index, follow, max-snippet:-1, max-image-preview:large, max-video-preview:-1\" \/>\n<link rel=\"canonical\" href=\"https:\/\/eraportal.sk\/horizont-europa\/aktualita\/zaznam-z-podujatia-narodny-infoden-pre-klaster-4\/\" \/>\n<meta property=\"og:locale\" content=\"sk_SK\" \/>\n<meta property=\"og:type\" content=\"article\" \/>\n<meta property=\"og:title\" content=\"Z\u00e1znam z podujatia N\u00e1rodn\u00fd infode\u0148 pre Klaster 4 - Horizont Eur\u00f3pa\" \/>\n<meta property=\"og:description\" content=\"N\u00e1rodn\u00e1 kancel\u00e1ria Horizontu spr\u00edstupnila z\u00e1znam z N\u00e1rodn\u00e9ho informa\u010dn\u00e9ho d\u0148a pre Klaster 4.\" \/>\n<meta property=\"og:url\" content=\"https:\/\/eraportal.sk\/horizont-europa\/aktualita\/zaznam-z-podujatia-narodny-infoden-pre-klaster-4\/\" \/>\n<meta property=\"og:site_name\" content=\"Horizont Eur\u00f3pa\" \/>\n<meta property=\"article:modified_time\" content=\"2026-04-28T11:57:07+00:00\" \/>\n<meta name=\"twitter:card\" content=\"summary_large_image\" \/>\n<script type=\"application\/ld+json\" class=\"yoast-schema-graph\">{\"@context\":\"https:\/\/schema.org\",\"@graph\":[{\"@type\":\"WebPage\",\"@id\":\"https:\/\/eraportal.sk\/horizont-europa\/aktualita\/zaznam-z-podujatia-narodny-infoden-pre-klaster-4\/\",\"url\":\"https:\/\/eraportal.sk\/horizont-europa\/aktualita\/zaznam-z-podujatia-narodny-infoden-pre-klaster-4\/\",\"name\":\"Z\u00e1znam z podujatia N\u00e1rodn\u00fd infode\u0148 pre Klaster 4 - Horizont Eur\u00f3pa\",\"isPartOf\":{\"@id\":\"https:\/\/eraportal.sk\/horizont-europa\/#website\"},\"datePublished\":\"2026-04-28T11:57:06+00:00\",\"dateModified\":\"2026-04-28T11:57:07+00:00\",\"breadcrumb\":{\"@id\":\"https:\/\/eraportal.sk\/horizont-europa\/aktualita\/zaznam-z-podujatia-narodny-infoden-pre-klaster-4\/#breadcrumb\"},\"inLanguage\":\"sk-SK\",\"potentialAction\":[{\"@type\":\"ReadAction\",\"target\":[\"https:\/\/eraportal.sk\/horizont-europa\/aktualita\/zaznam-z-podujatia-narodny-infoden-pre-klaster-4\/\"]}]},{\"@type\":\"BreadcrumbList\",\"@id\":\"https:\/\/eraportal.sk\/horizont-europa\/aktualita\/zaznam-z-podujatia-narodny-infoden-pre-klaster-4\/#breadcrumb\",\"itemListElement\":[{\"@type\":\"ListItem\",\"position\":1,\"name\":\"Domovsk\u00e1 str\u00e1nka\",\"item\":\"https:\/\/eraportal.sk\/horizont-europa\/\"},{\"@type\":\"ListItem\",\"position\":2,\"name\":\"Aktuality\",\"item\":\"https:\/\/eraportal.sk\/horizont-europa\/aktuality-archiv\/\"},{\"@type\":\"ListItem\",\"position\":3,\"name\":\"Z\u00e1znam z podujatia N\u00e1rodn\u00fd infode\u0148 pre Klaster 4\"}]},{\"@type\":\"WebSite\",\"@id\":\"https:\/\/eraportal.sk\/horizont-europa\/#website\",\"url\":\"https:\/\/eraportal.sk\/horizont-europa\/\",\"name\":\"Horizont Eur\u00f3pa\",\"description\":\"\",\"publisher\":{\"@id\":\"https:\/\/eraportal.sk\/horizont-europa\/#organization\"},\"potentialAction\":[{\"@type\":\"SearchAction\",\"target\":{\"@type\":\"EntryPoint\",\"urlTemplate\":\"https:\/\/eraportal.sk\/horizont-europa\/?s={search_term_string}\"},\"query-input\":{\"@type\":\"PropertyValueSpecification\",\"valueRequired\":true,\"valueName\":\"search_term_string\"}}],\"inLanguage\":\"sk-SK\"},{\"@type\":\"Organization\",\"@id\":\"https:\/\/eraportal.sk\/horizont-europa\/#organization\",\"name\":\"Horizont Eur\u00f3pa\",\"url\":\"https:\/\/eraportal.sk\/horizont-europa\/\",\"logo\":{\"@type\":\"ImageObject\",\"inLanguage\":\"sk-SK\",\"@id\":\"https:\/\/eraportal.sk\/horizont-europa\/#\/schema\/logo\/image\/\",\"url\":\"https:\/\/eraportal.sk\/horizont-europa\/wp-content\/uploads\/sites\/4\/2024\/02\/Favicon_HEU.png\",\"contentUrl\":\"https:\/\/eraportal.sk\/horizont-europa\/wp-content\/uploads\/sites\/4\/2024\/02\/Favicon_HEU.png\",\"width\":512,\"height\":512,\"caption\":\"Horizont Eur\u00f3pa\"},\"image\":{\"@id\":\"https:\/\/eraportal.sk\/horizont-europa\/#\/schema\/logo\/image\/\"}}]}<\/script>\n<!-- \/ Yoast SEO plugin. -->","yoast_head_json":{"title":"Z\u00e1znam z podujatia N\u00e1rodn\u00fd infode\u0148 pre Klaster 4 - Horizont Eur\u00f3pa","robots":{"index":"index","follow":"follow","max-snippet":"max-snippet:-1","max-image-preview":"max-image-preview:large","max-video-preview":"max-video-preview:-1"},"canonical":"https:\/\/eraportal.sk\/horizont-europa\/aktualita\/zaznam-z-podujatia-narodny-infoden-pre-klaster-4\/","og_locale":"sk_SK","og_type":"article","og_title":"Z\u00e1znam z podujatia N\u00e1rodn\u00fd infode\u0148 pre Klaster 4 - Horizont Eur\u00f3pa","og_description":"N\u00e1rodn\u00e1 kancel\u00e1ria Horizontu spr\u00edstupnila z\u00e1znam z N\u00e1rodn\u00e9ho informa\u010dn\u00e9ho d\u0148a pre Klaster 4.","og_url":"https:\/\/eraportal.sk\/horizont-europa\/aktualita\/zaznam-z-podujatia-narodny-infoden-pre-klaster-4\/","og_site_name":"Horizont Eur\u00f3pa","article_modified_time":"2026-04-28T11:57:07+00:00","twitter_card":"summary_large_image","schema":{"@context":"https:\/\/schema.org","@graph":[{"@type":"WebPage","@id":"https:\/\/eraportal.sk\/horizont-europa\/aktualita\/zaznam-z-podujatia-narodny-infoden-pre-klaster-4\/","url":"https:\/\/eraportal.sk\/horizont-europa\/aktualita\/zaznam-z-podujatia-narodny-infoden-pre-klaster-4\/","name":"Z\u00e1znam z podujatia N\u00e1rodn\u00fd infode\u0148 pre Klaster 4 - Horizont Eur\u00f3pa","isPartOf":{"@id":"https:\/\/eraportal.sk\/horizont-europa\/#website"},"datePublished":"2026-04-28T11:57:06+00:00","dateModified":"2026-04-28T11:57:07+00:00","breadcrumb":{"@id":"https:\/\/eraportal.sk\/horizont-europa\/aktualita\/zaznam-z-podujatia-narodny-infoden-pre-klaster-4\/#breadcrumb"},"inLanguage":"sk-SK","potentialAction":[{"@type":"ReadAction","target":["https:\/\/eraportal.sk\/horizont-europa\/aktualita\/zaznam-z-podujatia-narodny-infoden-pre-klaster-4\/"]}]},{"@type":"BreadcrumbList","@id":"https:\/\/eraportal.sk\/horizont-europa\/aktualita\/zaznam-z-podujatia-narodny-infoden-pre-klaster-4\/#breadcrumb","itemListElement":[{"@type":"ListItem","position":1,"name":"Domovsk\u00e1 str\u00e1nka","item":"https:\/\/eraportal.sk\/horizont-europa\/"},{"@type":"ListItem","position":2,"name":"Aktuality","item":"https:\/\/eraportal.sk\/horizont-europa\/aktuality-archiv\/"},{"@type":"ListItem","position":3,"name":"Z\u00e1znam z podujatia N\u00e1rodn\u00fd infode\u0148 pre Klaster 4"}]},{"@type":"WebSite","@id":"https:\/\/eraportal.sk\/horizont-europa\/#website","url":"https:\/\/eraportal.sk\/horizont-europa\/","name":"Horizont Eur\u00f3pa","description":"","publisher":{"@id":"https:\/\/eraportal.sk\/horizont-europa\/#organization"},"potentialAction":[{"@type":"SearchAction","target":{"@type":"EntryPoint","urlTemplate":"https:\/\/eraportal.sk\/horizont-europa\/?s={search_term_string}"},"query-input":{"@type":"PropertyValueSpecification","valueRequired":true,"valueName":"search_term_string"}}],"inLanguage":"sk-SK"},{"@type":"Organization","@id":"https:\/\/eraportal.sk\/horizont-europa\/#organization","name":"Horizont Eur\u00f3pa","url":"https:\/\/eraportal.sk\/horizont-europa\/","logo":{"@type":"ImageObject","inLanguage":"sk-SK","@id":"https:\/\/eraportal.sk\/horizont-europa\/#\/schema\/logo\/image\/","url":"https:\/\/eraportal.sk\/horizont-europa\/wp-content\/uploads\/sites\/4\/2024\/02\/Favicon_HEU.png","contentUrl":"https:\/\/eraportal.sk\/horizont-europa\/wp-content\/uploads\/sites\/4\/2024\/02\/Favicon_HEU.png","width":512,"height":512,"caption":"Horizont Eur\u00f3pa"},"image":{"@id":"https:\/\/eraportal.sk\/horizont-europa\/#\/schema\/logo\/image\/"}}]}},"acf":{"nadpis":"Z\u00e1znam z podujatia N\u00e1rodn\u00fd infode\u0148 pre Klaster 4","opis":"<p data-start=\"0\" data-end=\"515\"><strong>N\u00e1rodn\u00e1 kancel\u00e1ria Horizontu<\/strong> spr\u00edstupnila z\u00e1znam z N\u00e1rodn\u00e9ho informa\u010dn\u00e9ho d\u0148a pre Klaster 4, ktor\u00fd sa konal 21. apr\u00edla 2026. Tento 2-hodinov\u00fd webin\u00e1r priniesol detailn\u00fd poh\u013ead na aktu\u00e1lne aj pripravovan\u00e9 pr\u00edle\u017eitosti v r\u00e1mci programu Horizon Europe. Podujatie sa zameralo najm\u00e4 na v\u00fdzvy smeruj\u00face k roku 2027, pri\u010dom \u00fa\u010dastn\u00edci z\u00edskali ucelen\u00fd preh\u013ead o priorit\u00e1ch Eur\u00f3pskej \u00fanie v oblastiach priemyslu, technol\u00f3gi\u00ed a vesm\u00edru. Zverejnen\u00fd z\u00e1znam tak pon\u00faka mo\u017enos\u0165 vr\u00e1ti\u0165 sa k d\u00f4le\u017eit\u00fdm inform\u00e1ci\u00e1m a z\u00e1rove\u0148 ich spr\u00edstup\u0148uje aj t\u00fdm, ktor\u00ed sa nemohli z\u00fa\u010dastni\u0165 na\u017eivo.<\/p>\r\n<p data-start=\"517\" data-end=\"953\">Obsah infod\u0148a prep\u00e1ja strategick\u00e9 smerovanie Slovenska s eur\u00f3pskymi cie\u013emi, pri\u010dom z\u00e1rove\u0148 pribli\u017euje konkr\u00e9tne v\u00fdzvy programu Horizon Europe pl\u00e1novan\u00e9 na rok 2027. Okrem toho prin\u00e1\u0161a aj <strong>preh\u013ead Vesm\u00edrneho programu \u00danie, aktu\u00e1lnych v\u00fdziev iniciat\u00edvy Chips JU<\/strong> \u010di praktick\u00fdch slu\u017eieb SLORD vr\u00e1tane brokerage podujat\u00ed. V\u010faka tomu si \u00fa\u010dastn\u00edci aj sp\u00e4tne dok\u00e1\u017eu vytvori\u0165 jasnej\u0161\u00ed obraz o mo\u017enostiach zapojenia sa do medzin\u00e1rodn\u00fdch projektov.<\/p>\r\n<p data-start=\"955\" data-end=\"1506\" data-is-last-node=\"\" data-is-only-node=\"\">\u00davod patril otvoreniu a strategick\u00e9mu kontextu, n\u00e1sledne program pokra\u010doval predstaven\u00edm konkr\u00e9tnych v\u00fdziev a iniciat\u00edv. Z\u00e1ver prirodzene vy\u00fastil do kr\u00e1tkej otvorenej diskusie, ktor\u00e1 poskytla priestor na ot\u00e1zky a dopl\u0148uj\u00face vysvetlenia. Cel\u00fd materi\u00e1l tak dnes predstavuje hodnotn\u00fd zdroj inform\u00e1ci\u00ed pre v\u00fdskumn\u00edkov, inov\u00e1torov aj priemyseln\u00fdch partnerov, ktor\u00ed chc\u00fa lep\u0161ie porozumie\u0165 smerovaniu Klastra 4 a pripravi\u0165 sa na nadch\u00e1dzaj\u00face pr\u00edle\u017eitosti.<\/p>\r\n<p data-start=\"955\" data-end=\"1506\" data-is-last-node=\"\" data-is-only-node=\"\">Kompletn\u00fd z\u00e1znam si m\u00f4\u017eete pozrie\u0165 na tomto <a href=\"https:\/\/video.nti.sk\/rec\/?11946613UM4O2R682\" target=\"_blank\" rel=\"noopener\">odkaze<\/a>.<\/p>\r\n<p data-start=\"955\" data-end=\"1506\" data-is-last-node=\"\" data-is-only-node=\"\">V pr\u00edpade potreby konzult\u00e1cie o pripravovan\u00fdch v\u00fdzvach sa nev\u00e1hajte obr\u00e1ti\u0165 na poveren\u00e9 <a href=\"https:\/\/eraportal.sk\/horizont-europa\/heu-narodne-kontaktne-body\/kontakty\/\" target=\"_blank\" rel=\"noopener\">N\u00e1rodn\u00e9 kontaktn\u00e9 body<\/a>.<\/p>\r\n<p data-start=\"955\" data-end=\"1506\" data-is-last-node=\"\" data-is-only-node=\"\">mkr, 28.4.2026<\/p>","kratky_opis":"N\u00e1rodn\u00e1 kancel\u00e1ria Horizontu spr\u00edstupnila z\u00e1znam z N\u00e1rodn\u00e9ho informa\u010dn\u00e9ho d\u0148a pre Klaster 4.","oblast":["184"],"zobrazit_velke_v_newsletteri":false,"reminder":false,"newsletter_thumbnail":""},"_links":{"self":[{"href":"https:\/\/eraportal.sk\/horizont-europa\/wp-json\/wp\/v2\/aktuality\/31173","targetHints":{"allow":["GET"]}}],"collection":[{"href":"https:\/\/eraportal.sk\/horizont-europa\/wp-json\/wp\/v2\/aktuality"}],"about":[{"href":"https:\/\/eraportal.sk\/horizont-europa\/wp-json\/wp\/v2\/types\/aktualita"}],"acf:term":[{"embeddable":true,"taxonomy":"oblast-horizont","href":"https:\/\/eraportal.sk\/horizont-europa\/wp-json\/wp\/v2\/oblast-horizont\/184"}],"wp:attachment":[{"href":"https:\/\/eraportal.sk\/horizont-europa\/wp-json\/wp\/v2\/media?parent=31173"}],"wp:term":[{"taxonomy":"post_tag","embeddable":true,"href":"https:\/\/eraportal.sk\/horizont-europa\/wp-json\/wp\/v2\/tags?post=31173"},{"taxonomy":"oblast-horizont","embeddable":true,"href":"https:\/\/eraportal.sk\/horizont-europa\/wp-json\/wp\/v2\/oblast-horizont?post=31173"}],"curies":[{"name":"wp","href":"https:\/\/api.w.org\/{rel}","templated":true}]}}

<!-- This site is optimized with the Yoast SEO plugin v24.4 - https://yoast.com/wordpress/plugins/seo/ -->
<title>Záznam z podujatia Národný infodeň pre Klaster 4 - Horizont Európa</title>
<meta name="robots" content="index, follow, max-snippet:-1, max-image-preview:large, max-video-preview:-1" />
<link rel="canonical" href="https://eraportal.sk/horizont-europa/aktualita/zaznam-z-podujatia-narodny-infoden-pre-klaster-4/" />
<meta property="og:locale" content="sk_SK" />
<meta property="og:type" content="article" />
<meta property="og:title" content="Záznam z podujatia Národný infodeň pre Klaster 4 - Horizont Európa" />
<meta property="og:description" content="Národná kancelária Horizontu sprístupnila záznam z Národného informačného dňa pre Klaster 4." />
<meta property="og:url" content="https://eraportal.sk/horizont-europa/aktualita/zaznam-z-podujatia-narodny-infoden-pre-klaster-4/" />
<meta property="og:site_name" content="Horizont Európa" />
<meta property="article:modified_time" content="2026-04-28T11:57:07+00:00" />
<meta name="twitter:card" content="summary_large_image" />
<script type="application/ld+json" class="yoast-schema-graph">{"@context":"https://schema.org","@graph":[{"@type":"WebPage","@id":"https://eraportal.sk/horizont-europa/aktualita/zaznam-z-podujatia-narodny-infoden-pre-klaster-4/","url":"https://eraportal.sk/horizont-europa/aktualita/zaznam-z-podujatia-narodny-infoden-pre-klaster-4/","name":"Záznam z podujatia Národný infodeň pre Klaster 4 - Horizont Európa","isPartOf":{"@id":"https://eraportal.sk/horizont-europa/#website"},"datePublished":"2026-04-28T11:57:06+00:00","dateModified":"2026-04-28T11:57:07+00:00","breadcrumb":{"@id":"https://eraportal.sk/horizont-europa/aktualita/zaznam-z-podujatia-narodny-infoden-pre-klaster-4/#breadcrumb"},"inLanguage":"sk-SK","potentialAction":[{"@type":"ReadAction","target":["https://eraportal.sk/horizont-europa/aktualita/zaznam-z-podujatia-narodny-infoden-pre-klaster-4/"]}]},{"@type":"BreadcrumbList","@id":"https://eraportal.sk/horizont-europa/aktualita/zaznam-z-podujatia-narodny-infoden-pre-klaster-4/#breadcrumb","itemListElement":[{"@type":"ListItem","position":1,"name":"Domovská stránka","item":"https://eraportal.sk/horizont-europa/"},{"@type":"ListItem","position":2,"name":"Aktuality","item":"https://eraportal.sk/horizont-europa/aktuality-archiv/"},{"@type":"ListItem","position":3,"name":"Záznam z podujatia Národný infodeň pre Klaster 4"}]},{"@type":"WebSite","@id":"https://eraportal.sk/horizont-europa/#website","url":"https://eraportal.sk/horizont-europa/","name":"Horizont Európa","description":"","publisher":{"@id":"https://eraportal.sk/horizont-europa/#organization"},"potentialAction":[{"@type":"SearchAction","target":{"@type":"EntryPoint","urlTemplate":"https://eraportal.sk/horizont-europa/?s={search_term_string}"},"query-input":{"@type":"PropertyValueSpecification","valueRequired":true,"valueName":"search_term_string"}}],"inLanguage":"sk-SK"},{"@type":"Organization","@id":"https://eraportal.sk/horizont-europa/#organization","name":"Horizont Európa","url":"https://eraportal.sk/horizont-europa/","logo":{"@type":"ImageObject","inLanguage":"sk-SK","@id":"https://eraportal.sk/horizont-europa/#/schema/logo/image/","url":"https://eraportal.sk/horizont-europa/wp-content/uploads/sites/4/2024/02/Favicon_HEU.png","contentUrl":"https://eraportal.sk/horizont-europa/wp-content/uploads/sites/4/2024/02/Favicon_HEU.png","width":512,"height":512,"caption":"Horizont Európa"},"image":{"@id":"https://eraportal.sk/horizont-europa/#/schema/logo/image/"}}]}</script>
<!-- / Yoast SEO plugin. -->

Záznam z podujatia Národný infodeň pre Klaster 4 - Horizont Európa

Národná kancelária Horizontu sprístupnila záznam z Národného informačného dňa pre Klaster 4.

Horizont Európa

Domovská stránka

Záznam z podujatia Národný infodeň pre Klaster 4

<p data-start="0" data-end="515"><strong>Národná kancelária Horizontu</strong> sprístupnila záznam z Národného informačného dňa pre Klaster 4, ktorý sa konal 21. apríla 2026. Tento 2-hodinový webinár priniesol detailný pohľad na aktuálne aj pripravované príležitosti v rámci programu Horizon Europe. Podujatie sa zameralo najmä na výzvy smerujúce k roku 2027, pričom účastníci získali ucelený prehľad o prioritách Európskej únie v oblastiach priemyslu, technológií a vesmíru. Zverejnený záznam tak ponúka možnosť vrátiť sa k dôležitým informáciám a zároveň ich sprístupňuje aj tým, ktorí sa nemohli zúčastniť naživo.</p>
<p data-start="517" data-end="953">Obsah infodňa prepája strategické smerovanie Slovenska s európskymi cieľmi, pričom zároveň približuje konkrétne výzvy programu Horizon Europe plánované na rok 2027. Okrem toho prináša aj <strong>prehľad Vesmírneho programu Únie, aktuálnych výziev iniciatívy Chips JU</strong> či praktických služieb SLORD vrátane brokerage podujatí. Vďaka tomu si účastníci aj spätne dokážu vytvoriť jasnejší obraz o možnostiach zapojenia sa do medzinárodných projektov.</p>
<p data-start="955" data-end="1506" data-is-last-node="" data-is-only-node="">Úvod patril otvoreniu a strategickému kontextu, následne program pokračoval predstavením konkrétnych výziev a iniciatív. Záver prirodzene vyústil do krátkej otvorenej diskusie, ktorá poskytla priestor na otázky a doplňujúce vysvetlenia. Celý materiál tak dnes predstavuje hodnotný zdroj informácií pre výskumníkov, inovátorov aj priemyselných partnerov, ktorí chcú lepšie porozumieť smerovaniu Klastra 4 a pripraviť sa na nadchádzajúce príležitosti.</p>
<p data-start="955" data-end="1506" data-is-last-node="" data-is-only-node="">Kompletný záznam si môžete pozrieť na tomto <a href="https://video.nti.sk/rec/?11946613UM4O2R682" target="_blank" rel="noopener">odkaze</a>.</p>
<p data-start="955" data-end="1506" data-is-last-node="" data-is-only-node="">V prípade potreby konzultácie o pripravovaných výzvach sa neváhajte obrátiť na poverené <a href="https://eraportal.sk/horizont-europa/heu-narodne-kontaktne-body/kontakty/" target="_blank" rel="noopener">Národné kontaktné body</a>.</p>
<p data-start="955" data-end="1506" data-is-last-node="" data-is-only-node="">mkr, 28.4.2026</p>
