    {"id":28395,"date":"2025-10-02T10:41:17","date_gmt":"2025-10-02T08:41:17","guid":{"rendered":"https:\/\/eraportal.sk\/horizont-europa\/?post_type=aktualita&#038;p=28395"},"modified":"2025-10-02T10:41:18","modified_gmt":"2025-10-02T08:41:18","slug":"vyzva-na-europske-hlavne-mesto-demokracie-2027","status":"publish","type":"aktualita","link":"https:\/\/eraportal.sk\/horizont-europa\/aktualita\/vyzva-na-europske-hlavne-mesto-demokracie-2027\/","featured_media":0,"template":"","tags":[379,382],"oblast-horizont":[182],"class_list":["post-28395","aktualita","type-aktualita","status-publish","hentry","tag-nas-tip","tag-vyzva","oblast-horizont-klaster-2-kultura-tvorivost-a-inkluzivna-spolocnost"],"yoast_head":"<!-- This site is optimized with the Yoast SEO plugin v24.4 - https:\/\/yoast.com\/wordpress\/plugins\/seo\/ -->\n<title>V\u00fdzva na Eur\u00f3pske hlavn\u00e9 mesto demokracie 2027 - Horizont Eur\u00f3pa<\/title>\n<meta name=\"description\" content=\"Eur\u00f3pske hlavn\u00e9 mesto demokracie\" \/>\n<meta name=\"robots\" content=\"index, follow, max-snippet:-1, max-image-preview:large, max-video-preview:-1\" \/>\n<link rel=\"canonical\" href=\"https:\/\/eraportal.sk\/horizont-europa\/aktualita\/vyzva-na-europske-hlavne-mesto-demokracie-2027\/\" \/>\n<meta property=\"og:locale\" content=\"sk_SK\" \/>\n<meta property=\"og:type\" content=\"article\" \/>\n<meta property=\"og:title\" content=\"V\u00fdzva na Eur\u00f3pske hlavn\u00e9 mesto demokracie 2027 - Horizont Eur\u00f3pa\" \/>\n<meta property=\"og:description\" content=\"Eur\u00f3pske hlavn\u00e9 mesto demokracie\" \/>\n<meta property=\"og:url\" content=\"https:\/\/eraportal.sk\/horizont-europa\/aktualita\/vyzva-na-europske-hlavne-mesto-demokracie-2027\/\" \/>\n<meta property=\"og:site_name\" content=\"Horizont Eur\u00f3pa\" \/>\n<meta property=\"article:modified_time\" content=\"2025-10-02T08:41:18+00:00\" \/>\n<meta name=\"twitter:card\" content=\"summary_large_image\" \/>\n<script type=\"application\/ld+json\" class=\"yoast-schema-graph\">{\"@context\":\"https:\/\/schema.org\",\"@graph\":[{\"@type\":\"WebPage\",\"@id\":\"https:\/\/eraportal.sk\/horizont-europa\/aktualita\/vyzva-na-europske-hlavne-mesto-demokracie-2027\/\",\"url\":\"https:\/\/eraportal.sk\/horizont-europa\/aktualita\/vyzva-na-europske-hlavne-mesto-demokracie-2027\/\",\"name\":\"V\u00fdzva na Eur\u00f3pske hlavn\u00e9 mesto demokracie 2027 - Horizont Eur\u00f3pa\",\"isPartOf\":{\"@id\":\"https:\/\/eraportal.sk\/horizont-europa\/#website\"},\"datePublished\":\"2025-10-02T08:41:17+00:00\",\"dateModified\":\"2025-10-02T08:41:18+00:00\",\"description\":\"Eur\u00f3pske hlavn\u00e9 mesto demokracie\",\"breadcrumb\":{\"@id\":\"https:\/\/eraportal.sk\/horizont-europa\/aktualita\/vyzva-na-europske-hlavne-mesto-demokracie-2027\/#breadcrumb\"},\"inLanguage\":\"sk-SK\",\"potentialAction\":[{\"@type\":\"ReadAction\",\"target\":[\"https:\/\/eraportal.sk\/horizont-europa\/aktualita\/vyzva-na-europske-hlavne-mesto-demokracie-2027\/\"]}]},{\"@type\":\"BreadcrumbList\",\"@id\":\"https:\/\/eraportal.sk\/horizont-europa\/aktualita\/vyzva-na-europske-hlavne-mesto-demokracie-2027\/#breadcrumb\",\"itemListElement\":[{\"@type\":\"ListItem\",\"position\":1,\"name\":\"Domovsk\u00e1 str\u00e1nka\",\"item\":\"https:\/\/eraportal.sk\/horizont-europa\/\"},{\"@type\":\"ListItem\",\"position\":2,\"name\":\"Aktuality\",\"item\":\"https:\/\/eraportal.sk\/horizont-europa\/aktuality-archiv\/\"},{\"@type\":\"ListItem\",\"position\":3,\"name\":\"V\u00fdzva na Eur\u00f3pske hlavn\u00e9 mesto demokracie 2027\"}]},{\"@type\":\"WebSite\",\"@id\":\"https:\/\/eraportal.sk\/horizont-europa\/#website\",\"url\":\"https:\/\/eraportal.sk\/horizont-europa\/\",\"name\":\"Horizont Eur\u00f3pa\",\"description\":\"\",\"publisher\":{\"@id\":\"https:\/\/eraportal.sk\/horizont-europa\/#organization\"},\"potentialAction\":[{\"@type\":\"SearchAction\",\"target\":{\"@type\":\"EntryPoint\",\"urlTemplate\":\"https:\/\/eraportal.sk\/horizont-europa\/?s={search_term_string}\"},\"query-input\":{\"@type\":\"PropertyValueSpecification\",\"valueRequired\":true,\"valueName\":\"search_term_string\"}}],\"inLanguage\":\"sk-SK\"},{\"@type\":\"Organization\",\"@id\":\"https:\/\/eraportal.sk\/horizont-europa\/#organization\",\"name\":\"Horizont Eur\u00f3pa\",\"url\":\"https:\/\/eraportal.sk\/horizont-europa\/\",\"logo\":{\"@type\":\"ImageObject\",\"inLanguage\":\"sk-SK\",\"@id\":\"https:\/\/eraportal.sk\/horizont-europa\/#\/schema\/logo\/image\/\",\"url\":\"https:\/\/eraportal.sk\/horizont-europa\/wp-content\/uploads\/sites\/4\/2024\/02\/Favicon_HEU.png\",\"contentUrl\":\"https:\/\/eraportal.sk\/horizont-europa\/wp-content\/uploads\/sites\/4\/2024\/02\/Favicon_HEU.png\",\"width\":512,\"height\":512,\"caption\":\"Horizont Eur\u00f3pa\"},\"image\":{\"@id\":\"https:\/\/eraportal.sk\/horizont-europa\/#\/schema\/logo\/image\/\"}}]}<\/script>\n<!-- \/ Yoast SEO plugin. -->","yoast_head_json":{"title":"V\u00fdzva na Eur\u00f3pske hlavn\u00e9 mesto demokracie 2027 - Horizont Eur\u00f3pa","description":"Eur\u00f3pske hlavn\u00e9 mesto demokracie","robots":{"index":"index","follow":"follow","max-snippet":"max-snippet:-1","max-image-preview":"max-image-preview:large","max-video-preview":"max-video-preview:-1"},"canonical":"https:\/\/eraportal.sk\/horizont-europa\/aktualita\/vyzva-na-europske-hlavne-mesto-demokracie-2027\/","og_locale":"sk_SK","og_type":"article","og_title":"V\u00fdzva na Eur\u00f3pske hlavn\u00e9 mesto demokracie 2027 - Horizont Eur\u00f3pa","og_description":"Eur\u00f3pske hlavn\u00e9 mesto demokracie","og_url":"https:\/\/eraportal.sk\/horizont-europa\/aktualita\/vyzva-na-europske-hlavne-mesto-demokracie-2027\/","og_site_name":"Horizont Eur\u00f3pa","article_modified_time":"2025-10-02T08:41:18+00:00","twitter_card":"summary_large_image","schema":{"@context":"https:\/\/schema.org","@graph":[{"@type":"WebPage","@id":"https:\/\/eraportal.sk\/horizont-europa\/aktualita\/vyzva-na-europske-hlavne-mesto-demokracie-2027\/","url":"https:\/\/eraportal.sk\/horizont-europa\/aktualita\/vyzva-na-europske-hlavne-mesto-demokracie-2027\/","name":"V\u00fdzva na Eur\u00f3pske hlavn\u00e9 mesto demokracie 2027 - Horizont Eur\u00f3pa","isPartOf":{"@id":"https:\/\/eraportal.sk\/horizont-europa\/#website"},"datePublished":"2025-10-02T08:41:17+00:00","dateModified":"2025-10-02T08:41:18+00:00","description":"Eur\u00f3pske hlavn\u00e9 mesto demokracie","breadcrumb":{"@id":"https:\/\/eraportal.sk\/horizont-europa\/aktualita\/vyzva-na-europske-hlavne-mesto-demokracie-2027\/#breadcrumb"},"inLanguage":"sk-SK","potentialAction":[{"@type":"ReadAction","target":["https:\/\/eraportal.sk\/horizont-europa\/aktualita\/vyzva-na-europske-hlavne-mesto-demokracie-2027\/"]}]},{"@type":"BreadcrumbList","@id":"https:\/\/eraportal.sk\/horizont-europa\/aktualita\/vyzva-na-europske-hlavne-mesto-demokracie-2027\/#breadcrumb","itemListElement":[{"@type":"ListItem","position":1,"name":"Domovsk\u00e1 str\u00e1nka","item":"https:\/\/eraportal.sk\/horizont-europa\/"},{"@type":"ListItem","position":2,"name":"Aktuality","item":"https:\/\/eraportal.sk\/horizont-europa\/aktuality-archiv\/"},{"@type":"ListItem","position":3,"name":"V\u00fdzva na Eur\u00f3pske hlavn\u00e9 mesto demokracie 2027"}]},{"@type":"WebSite","@id":"https:\/\/eraportal.sk\/horizont-europa\/#website","url":"https:\/\/eraportal.sk\/horizont-europa\/","name":"Horizont Eur\u00f3pa","description":"","publisher":{"@id":"https:\/\/eraportal.sk\/horizont-europa\/#organization"},"potentialAction":[{"@type":"SearchAction","target":{"@type":"EntryPoint","urlTemplate":"https:\/\/eraportal.sk\/horizont-europa\/?s={search_term_string}"},"query-input":{"@type":"PropertyValueSpecification","valueRequired":true,"valueName":"search_term_string"}}],"inLanguage":"sk-SK"},{"@type":"Organization","@id":"https:\/\/eraportal.sk\/horizont-europa\/#organization","name":"Horizont Eur\u00f3pa","url":"https:\/\/eraportal.sk\/horizont-europa\/","logo":{"@type":"ImageObject","inLanguage":"sk-SK","@id":"https:\/\/eraportal.sk\/horizont-europa\/#\/schema\/logo\/image\/","url":"https:\/\/eraportal.sk\/horizont-europa\/wp-content\/uploads\/sites\/4\/2024\/02\/Favicon_HEU.png","contentUrl":"https:\/\/eraportal.sk\/horizont-europa\/wp-content\/uploads\/sites\/4\/2024\/02\/Favicon_HEU.png","width":512,"height":512,"caption":"Horizont Eur\u00f3pa"},"image":{"@id":"https:\/\/eraportal.sk\/horizont-europa\/#\/schema\/logo\/image\/"}}]}},"acf":{"nadpis":"V\u00fdzva na Eur\u00f3pske hlavn\u00e9 mesto demokracie 2027","opis":"Mo\u017enos\u0165 sta\u0165 sa <a href=\"https:\/\/cop-demos.jrc.ec.europa.eu\/events\/european-capital-democracy-2027-applications-open#block-makerspace-content\" target=\"_blank\" rel=\"noopener\"><strong>Eur\u00f3pskym hlavn\u00fdm mestom demokracie<\/strong> <\/a>je jedine\u010dnou pr\u00edle\u017eitos\u0165ou pre v\u0161etky mest\u00e1 s viac ako 100 000 obyvate\u013emi v \u010dlensk\u00fdch \u0161t\u00e1toch Rady Eur\u00f3py a Kosove.\r\n\r\nTitul <strong>Eur\u00f3pske hlavn\u00e9 mesto demokracie 2027<\/strong> bude udelen\u00fd mestu, ktor\u00e9 sa v\u00fdrazne anga\u017euje <strong>v posil\u0148ovan\u00ed ob\u010dianskej particip\u00e1cie, demokratick\u00fdch inov\u00e1ci\u00ed a otvorenej spr\u00e1vy.<\/strong> Tento titul m\u00e1 amb\u00edciu\u00a0<strong>podnieti\u0165 mest\u00e1, ktor\u00e9 prakticky rozv\u00edjaj\u00fa participat\u00edvnu demokraciu,\u00a0zv\u00fd\u0161i\u0165 ich vidite\u013enos\u0165 na eur\u00f3pskej \u00farovni a\u00a0umo\u017eni\u0165 v\u00fdmenu sk\u00fasenost\u00ed a inov\u00e1ci\u00ed v oblasti demokratick\u00e9ho \u017eivota.<\/strong>\u00a0Vybran\u00e9 mesto bude po\u010das cel\u00e9ho roka p\u00f4sobi\u0165 ako model \u2013 pr\u00edklad otvorenosti, ob\u010dianskeho zapojenia a demokratickej kult\u00fary.\r\n\r\nV\u00fdzva na pod\u00e1vanie prihl\u00e1\u0161ok je otvoren\u00e1 do <strong>1. novembra 2025.\u00a0<\/strong>\r\n\r\nInform\u00e1cie o tom, ako sa prihl\u00e1si\u0165, krit\u00e9ri\u00e1ch v\u00fdberu a povinnostiach v\u00ed\u0165azn\u00e9ho mesta, s\u00fa dostupn\u00e9 na ofici\u00e1lnej str\u00e1nke <a href=\"https:\/\/capitalofdemocracy.eu\/how-to-apply-as-european-capital-of-democracy\/\" target=\"_blank\" rel=\"noopener\">Capital of democracy.<\/a>\r\n\r\n<a href=\"https:\/\/cop-demos.jrc.ec.europa.eu\/events\/european-capital-democracy-2027-applications-open#block-makerspace-content\" target=\"_blank\" rel=\"noopener\">Zdroj<\/a>, 2.10.2025, elz","kratky_opis":"Uz\u00e1vierka prihl\u00e1\u0161ok 1. novembra 2025","oblast":["182"],"zobrazit_velke_v_newsletteri":false,"reminder":false,"newsletter_thumbnail":""},"_links":{"self":[{"href":"https:\/\/eraportal.sk\/horizont-europa\/wp-json\/wp\/v2\/aktuality\/28395","targetHints":{"allow":["GET"]}}],"collection":[{"href":"https:\/\/eraportal.sk\/horizont-europa\/wp-json\/wp\/v2\/aktuality"}],"about":[{"href":"https:\/\/eraportal.sk\/horizont-europa\/wp-json\/wp\/v2\/types\/aktualita"}],"acf:term":[{"embeddable":true,"taxonomy":"oblast-horizont","href":"https:\/\/eraportal.sk\/horizont-europa\/wp-json\/wp\/v2\/oblast-horizont\/182"}],"wp:attachment":[{"href":"https:\/\/eraportal.sk\/horizont-europa\/wp-json\/wp\/v2\/media?parent=28395"}],"wp:term":[{"taxonomy":"post_tag","embeddable":true,"href":"https:\/\/eraportal.sk\/horizont-europa\/wp-json\/wp\/v2\/tags?post=28395"},{"taxonomy":"oblast-horizont","embeddable":true,"href":"https:\/\/eraportal.sk\/horizont-europa\/wp-json\/wp\/v2\/oblast-horizont?post=28395"}],"curies":[{"name":"wp","href":"https:\/\/api.w.org\/{rel}","templated":true}]}}

<!-- This site is optimized with the Yoast SEO plugin v24.4 - https://yoast.com/wordpress/plugins/seo/ -->
<title>Výzva na Európske hlavné mesto demokracie 2027 - Horizont Európa</title>
<meta name="description" content="Európske hlavné mesto demokracie" />
<meta name="robots" content="index, follow, max-snippet:-1, max-image-preview:large, max-video-preview:-1" />
<link rel="canonical" href="https://eraportal.sk/horizont-europa/aktualita/vyzva-na-europske-hlavne-mesto-demokracie-2027/" />
<meta property="og:locale" content="sk_SK" />
<meta property="og:type" content="article" />
<meta property="og:title" content="Výzva na Európske hlavné mesto demokracie 2027 - Horizont Európa" />
<meta property="og:description" content="Európske hlavné mesto demokracie" />
<meta property="og:url" content="https://eraportal.sk/horizont-europa/aktualita/vyzva-na-europske-hlavne-mesto-demokracie-2027/" />
<meta property="og:site_name" content="Horizont Európa" />
<meta property="article:modified_time" content="2025-10-02T08:41:18+00:00" />
<meta name="twitter:card" content="summary_large_image" />
<script type="application/ld+json" class="yoast-schema-graph">{"@context":"https://schema.org","@graph":[{"@type":"WebPage","@id":"https://eraportal.sk/horizont-europa/aktualita/vyzva-na-europske-hlavne-mesto-demokracie-2027/","url":"https://eraportal.sk/horizont-europa/aktualita/vyzva-na-europske-hlavne-mesto-demokracie-2027/","name":"Výzva na Európske hlavné mesto demokracie 2027 - Horizont Európa","isPartOf":{"@id":"https://eraportal.sk/horizont-europa/#website"},"datePublished":"2025-10-02T08:41:17+00:00","dateModified":"2025-10-02T08:41:18+00:00","description":"Európske hlavné mesto demokracie","breadcrumb":{"@id":"https://eraportal.sk/horizont-europa/aktualita/vyzva-na-europske-hlavne-mesto-demokracie-2027/#breadcrumb"},"inLanguage":"sk-SK","potentialAction":[{"@type":"ReadAction","target":["https://eraportal.sk/horizont-europa/aktualita/vyzva-na-europske-hlavne-mesto-demokracie-2027/"]}]},{"@type":"BreadcrumbList","@id":"https://eraportal.sk/horizont-europa/aktualita/vyzva-na-europske-hlavne-mesto-demokracie-2027/#breadcrumb","itemListElement":[{"@type":"ListItem","position":1,"name":"Domovská stránka","item":"https://eraportal.sk/horizont-europa/"},{"@type":"ListItem","position":2,"name":"Aktuality","item":"https://eraportal.sk/horizont-europa/aktuality-archiv/"},{"@type":"ListItem","position":3,"name":"Výzva na Európske hlavné mesto demokracie 2027"}]},{"@type":"WebSite","@id":"https://eraportal.sk/horizont-europa/#website","url":"https://eraportal.sk/horizont-europa/","name":"Horizont Európa","description":"","publisher":{"@id":"https://eraportal.sk/horizont-europa/#organization"},"potentialAction":[{"@type":"SearchAction","target":{"@type":"EntryPoint","urlTemplate":"https://eraportal.sk/horizont-europa/?s={search_term_string}"},"query-input":{"@type":"PropertyValueSpecification","valueRequired":true,"valueName":"search_term_string"}}],"inLanguage":"sk-SK"},{"@type":"Organization","@id":"https://eraportal.sk/horizont-europa/#organization","name":"Horizont Európa","url":"https://eraportal.sk/horizont-europa/","logo":{"@type":"ImageObject","inLanguage":"sk-SK","@id":"https://eraportal.sk/horizont-europa/#/schema/logo/image/","url":"https://eraportal.sk/horizont-europa/wp-content/uploads/sites/4/2024/02/Favicon_HEU.png","contentUrl":"https://eraportal.sk/horizont-europa/wp-content/uploads/sites/4/2024/02/Favicon_HEU.png","width":512,"height":512,"caption":"Horizont Európa"},"image":{"@id":"https://eraportal.sk/horizont-europa/#/schema/logo/image/"}}]}</script>
<!-- / Yoast SEO plugin. -->

Výzva na Európske hlavné mesto demokracie 2027 - Horizont Európa

Európske hlavné mesto demokracie

Horizont Európa

Domovská stránka

Výzva na Európske hlavné mesto demokracie 2027

Možnosť stať sa <a href="https://cop-demos.jrc.ec.europa.eu/events/european-capital-democracy-2027-applications-open#block-makerspace-content" target="_blank" rel="noopener"><strong>Európskym hlavným mestom demokracie</strong> </a>je jedinečnou príležitosťou pre všetky mestá s viac ako 100 000 obyvateľmi v členských štátoch Rady Európy a Kosove.

Titul <strong>Európske hlavné mesto demokracie 2027</strong> bude udelený mestu, ktoré sa výrazne angažuje <strong>v posilňovaní občianskej participácie, demokratických inovácií a otvorenej správy.</strong> Tento titul má ambíciu <strong>podnietiť mestá, ktoré prakticky rozvíjajú participatívnu demokraciu, zvýšiť ich viditeľnosť na európskej úrovni a umožniť výmenu skúseností a inovácií v oblasti demokratického života.</strong> Vybrané mesto bude počas celého roka pôsobiť ako model – príklad otvorenosti, občianskeho zapojenia a demokratickej kultúry.

Výzva na podávanie prihlášok je otvorená do <strong>1. novembra 2025. </strong>

Informácie o tom, ako sa prihlásiť, kritériách výberu a povinnostiach víťazného mesta, sú dostupné na oficiálnej stránke <a href="https://capitalofdemocracy.eu/how-to-apply-as-european-capital-of-democracy/" target="_blank" rel="noopener">Capital of democracy.</a>

<a href="https://cop-demos.jrc.ec.europa.eu/events/european-capital-democracy-2027-applications-open#block-makerspace-content" target="_blank" rel="noopener">Zdroj</a>, 2.10.2025, elz

Uzávierka prihlášok 1. novembra 2025
