{"id":175652,"date":"2026-04-10T07:58:36","date_gmt":"2026-04-10T05:58:36","guid":{"rendered":"https:\/\/eraportal.sk\/?post_type=aktualita&#038;p=175652"},"modified":"2026-04-15T08:39:47","modified_gmt":"2026-04-15T06:39:47","slug":"18-zasadnutie-koordinacnej-platformy-rady-vlady-sr-pre-vedu-techniku-a-inovacie-rvvti","status":"publish","type":"aktualita","link":"https:\/\/eraportal.sk\/en\/aktualita\/18-zasadnutie-koordinacnej-platformy-rady-vlady-sr-pre-vedu-techniku-a-inovacie-rvvti\/","featured_media":0,"template":"","meta":{"_acf_changed":false,"ngg_post_thumbnail":0},"tags":[],"oblast-era":[174],"class_list":["post-175652","aktualita","type-aktualita","status-publish","hentry","oblast-era-europsky-vyskumny-priestor-era"],"yoast_head":"<!-- This site is optimized with the Yoast SEO plugin v24.4 - https:\/\/yoast.com\/wordpress\/plugins\/seo\/ -->\n<title>18. Zasadnutie koordina\u010dnej platformy Rady vl\u00e1dy SR pre vedu, techniku a inov\u00e1cie (RVVTI) - Eraportal<\/title>\n<meta name=\"robots\" content=\"index, follow, max-snippet:-1, max-image-preview:large, max-video-preview:-1\" \/>\n<link rel=\"canonical\" href=\"https:\/\/eraportal.sk\/aktualita\/18-zasadnutie-koordinacnej-platformy-rady-vlady-sr-pre-vedu-techniku-a-inovacie-rvvti\/\" \/>\n<meta property=\"og:locale\" content=\"en_US\" \/>\n<meta property=\"og:type\" content=\"article\" \/>\n<meta property=\"og:title\" content=\"18. Zasadnutie koordina\u010dnej platformy Rady vl\u00e1dy SR pre vedu, techniku a inov\u00e1cie (RVVTI) - Eraportal\" \/>\n<meta property=\"og:description\" content=\"Cie\u013eom stretnutia bolo obozn\u00e1mi\u0165 \u010dlenov s aktu\u00e1lnym stavom strategick\u00fdch dokumentov.\" \/>\n<meta property=\"og:url\" content=\"https:\/\/eraportal.sk\/aktualita\/18-zasadnutie-koordinacnej-platformy-rady-vlady-sr-pre-vedu-techniku-a-inovacie-rvvti\/\" \/>\n<meta property=\"og:site_name\" content=\"Eraportal\" \/>\n<meta property=\"article:modified_time\" content=\"2026-04-15T06:39:47+00:00\" \/>\n<meta name=\"twitter:card\" content=\"summary_large_image\" \/>\n<script type=\"application\/ld+json\" class=\"yoast-schema-graph\">{\"@context\":\"https:\/\/schema.org\",\"@graph\":[{\"@type\":\"WebPage\",\"@id\":\"https:\/\/eraportal.sk\/aktualita\/18-zasadnutie-koordinacnej-platformy-rady-vlady-sr-pre-vedu-techniku-a-inovacie-rvvti\/\",\"url\":\"https:\/\/eraportal.sk\/aktualita\/18-zasadnutie-koordinacnej-platformy-rady-vlady-sr-pre-vedu-techniku-a-inovacie-rvvti\/\",\"name\":\"18. Zasadnutie koordina\u010dnej platformy Rady vl\u00e1dy SR pre vedu, techniku a inov\u00e1cie (RVVTI) - Eraportal\",\"isPartOf\":{\"@id\":\"https:\/\/eraportal.sk\/#website\"},\"datePublished\":\"2026-04-10T05:58:36+00:00\",\"dateModified\":\"2026-04-15T06:39:47+00:00\",\"breadcrumb\":{\"@id\":\"https:\/\/eraportal.sk\/aktualita\/18-zasadnutie-koordinacnej-platformy-rady-vlady-sr-pre-vedu-techniku-a-inovacie-rvvti\/#breadcrumb\"},\"inLanguage\":\"en-US\",\"potentialAction\":[{\"@type\":\"ReadAction\",\"target\":[\"https:\/\/eraportal.sk\/aktualita\/18-zasadnutie-koordinacnej-platformy-rady-vlady-sr-pre-vedu-techniku-a-inovacie-rvvti\/\"]}]},{\"@type\":\"BreadcrumbList\",\"@id\":\"https:\/\/eraportal.sk\/aktualita\/18-zasadnutie-koordinacnej-platformy-rady-vlady-sr-pre-vedu-techniku-a-inovacie-rvvti\/#breadcrumb\",\"itemListElement\":[{\"@type\":\"ListItem\",\"position\":1,\"name\":\"Domovsk\u00e1 str\u00e1nka\",\"item\":\"https:\/\/eraportal.sk\/\"},{\"@type\":\"ListItem\",\"position\":2,\"name\":\"18. Zasadnutie koordina\u010dnej platformy Rady vl\u00e1dy SR pre vedu, techniku a inov\u00e1cie (RVVTI)\"}]},{\"@type\":\"WebSite\",\"@id\":\"https:\/\/eraportal.sk\/#website\",\"url\":\"https:\/\/eraportal.sk\/\",\"name\":\"Eraportal\",\"description\":\"\",\"potentialAction\":[{\"@type\":\"SearchAction\",\"target\":{\"@type\":\"EntryPoint\",\"urlTemplate\":\"https:\/\/eraportal.sk\/?s={search_term_string}\"},\"query-input\":{\"@type\":\"PropertyValueSpecification\",\"valueRequired\":true,\"valueName\":\"search_term_string\"}}],\"inLanguage\":\"en-US\"}]}<\/script>\n<!-- \/ Yoast SEO plugin. -->","yoast_head_json":{"title":"18. Zasadnutie koordina\u010dnej platformy Rady vl\u00e1dy SR pre vedu, techniku a inov\u00e1cie (RVVTI) - Eraportal","robots":{"index":"index","follow":"follow","max-snippet":"max-snippet:-1","max-image-preview":"max-image-preview:large","max-video-preview":"max-video-preview:-1"},"canonical":"https:\/\/eraportal.sk\/aktualita\/18-zasadnutie-koordinacnej-platformy-rady-vlady-sr-pre-vedu-techniku-a-inovacie-rvvti\/","og_locale":"en_US","og_type":"article","og_title":"18. Zasadnutie koordina\u010dnej platformy Rady vl\u00e1dy SR pre vedu, techniku a inov\u00e1cie (RVVTI) - Eraportal","og_description":"Cie\u013eom stretnutia bolo obozn\u00e1mi\u0165 \u010dlenov s aktu\u00e1lnym stavom strategick\u00fdch dokumentov.","og_url":"https:\/\/eraportal.sk\/aktualita\/18-zasadnutie-koordinacnej-platformy-rady-vlady-sr-pre-vedu-techniku-a-inovacie-rvvti\/","og_site_name":"Eraportal","article_modified_time":"2026-04-15T06:39:47+00:00","twitter_card":"summary_large_image","schema":{"@context":"https:\/\/schema.org","@graph":[{"@type":"WebPage","@id":"https:\/\/eraportal.sk\/aktualita\/18-zasadnutie-koordinacnej-platformy-rady-vlady-sr-pre-vedu-techniku-a-inovacie-rvvti\/","url":"https:\/\/eraportal.sk\/aktualita\/18-zasadnutie-koordinacnej-platformy-rady-vlady-sr-pre-vedu-techniku-a-inovacie-rvvti\/","name":"18. Zasadnutie koordina\u010dnej platformy Rady vl\u00e1dy SR pre vedu, techniku a inov\u00e1cie (RVVTI) - Eraportal","isPartOf":{"@id":"https:\/\/eraportal.sk\/#website"},"datePublished":"2026-04-10T05:58:36+00:00","dateModified":"2026-04-15T06:39:47+00:00","breadcrumb":{"@id":"https:\/\/eraportal.sk\/aktualita\/18-zasadnutie-koordinacnej-platformy-rady-vlady-sr-pre-vedu-techniku-a-inovacie-rvvti\/#breadcrumb"},"inLanguage":"en-US","potentialAction":[{"@type":"ReadAction","target":["https:\/\/eraportal.sk\/aktualita\/18-zasadnutie-koordinacnej-platformy-rady-vlady-sr-pre-vedu-techniku-a-inovacie-rvvti\/"]}]},{"@type":"BreadcrumbList","@id":"https:\/\/eraportal.sk\/aktualita\/18-zasadnutie-koordinacnej-platformy-rady-vlady-sr-pre-vedu-techniku-a-inovacie-rvvti\/#breadcrumb","itemListElement":[{"@type":"ListItem","position":1,"name":"Domovsk\u00e1 str\u00e1nka","item":"https:\/\/eraportal.sk\/"},{"@type":"ListItem","position":2,"name":"18. Zasadnutie koordina\u010dnej platformy Rady vl\u00e1dy SR pre vedu, techniku a inov\u00e1cie (RVVTI)"}]},{"@type":"WebSite","@id":"https:\/\/eraportal.sk\/#website","url":"https:\/\/eraportal.sk\/","name":"Eraportal","description":"","potentialAction":[{"@type":"SearchAction","target":{"@type":"EntryPoint","urlTemplate":"https:\/\/eraportal.sk\/?s={search_term_string}"},"query-input":{"@type":"PropertyValueSpecification","valueRequired":true,"valueName":"search_term_string"}}],"inLanguage":"en-US"}]}},"_links":{"self":[{"href":"https:\/\/eraportal.sk\/en\/wp-json\/eraportal\/wp\/v2\/aktuality\/175652","targetHints":{"allow":["GET"]}}],"collection":[{"href":"https:\/\/eraportal.sk\/en\/wp-json\/eraportal\/wp\/v2\/aktuality"}],"about":[{"href":"https:\/\/eraportal.sk\/en\/wp-json\/wp\/v2\/types\/aktualita"}],"wp:attachment":[{"href":"https:\/\/eraportal.sk\/en\/wp-json\/wp\/v2\/media?parent=175652"}],"wp:term":[{"taxonomy":"post_tag","embeddable":true,"href":"https:\/\/eraportal.sk\/en\/wp-json\/wp\/v2\/tags?post=175652"},{"taxonomy":"oblast-era","embeddable":true,"href":"https:\/\/eraportal.sk\/en\/wp-json\/wp\/v2\/oblast-era?post=175652"}],"curies":[{"name":"wp","href":"https:\/\/api.w.org\/{rel}","templated":true}]}}

<!-- This site is optimized with the Yoast SEO plugin v24.4 - https://yoast.com/wordpress/plugins/seo/ -->
<title>18. Zasadnutie koordinačnej platformy Rady vlády SR pre vedu, techniku a inovácie (RVVTI) - Eraportal</title>
<meta name="robots" content="index, follow, max-snippet:-1, max-image-preview:large, max-video-preview:-1" />
<link rel="canonical" href="https://eraportal.sk/aktualita/18-zasadnutie-koordinacnej-platformy-rady-vlady-sr-pre-vedu-techniku-a-inovacie-rvvti/" />
<meta property="og:locale" content="en_US" />
<meta property="og:type" content="article" />
<meta property="og:title" content="18. Zasadnutie koordinačnej platformy Rady vlády SR pre vedu, techniku a inovácie (RVVTI) - Eraportal" />
<meta property="og:description" content="Cieľom stretnutia bolo oboznámiť členov s aktuálnym stavom strategických dokumentov." />
<meta property="og:url" content="https://eraportal.sk/aktualita/18-zasadnutie-koordinacnej-platformy-rady-vlady-sr-pre-vedu-techniku-a-inovacie-rvvti/" />
<meta property="og:site_name" content="Eraportal" />
<meta property="article:modified_time" content="2026-04-15T06:39:47+00:00" />
<meta name="twitter:card" content="summary_large_image" />
<script type="application/ld+json" class="yoast-schema-graph">{"@context":"https://schema.org","@graph":[{"@type":"WebPage","@id":"https://eraportal.sk/aktualita/18-zasadnutie-koordinacnej-platformy-rady-vlady-sr-pre-vedu-techniku-a-inovacie-rvvti/","url":"https://eraportal.sk/aktualita/18-zasadnutie-koordinacnej-platformy-rady-vlady-sr-pre-vedu-techniku-a-inovacie-rvvti/","name":"18. Zasadnutie koordinačnej platformy Rady vlády SR pre vedu, techniku a inovácie (RVVTI) - Eraportal","isPartOf":{"@id":"https://eraportal.sk/#website"},"datePublished":"2026-04-10T05:58:36+00:00","dateModified":"2026-04-15T06:39:47+00:00","breadcrumb":{"@id":"https://eraportal.sk/aktualita/18-zasadnutie-koordinacnej-platformy-rady-vlady-sr-pre-vedu-techniku-a-inovacie-rvvti/#breadcrumb"},"inLanguage":"en-US","potentialAction":[{"@type":"ReadAction","target":["https://eraportal.sk/aktualita/18-zasadnutie-koordinacnej-platformy-rady-vlady-sr-pre-vedu-techniku-a-inovacie-rvvti/"]}]},{"@type":"BreadcrumbList","@id":"https://eraportal.sk/aktualita/18-zasadnutie-koordinacnej-platformy-rady-vlady-sr-pre-vedu-techniku-a-inovacie-rvvti/#breadcrumb","itemListElement":[{"@type":"ListItem","position":1,"name":"Domovská stránka","item":"https://eraportal.sk/"},{"@type":"ListItem","position":2,"name":"18. Zasadnutie koordinačnej platformy Rady vlády SR pre vedu, techniku a inovácie (RVVTI)"}]},{"@type":"WebSite","@id":"https://eraportal.sk/#website","url":"https://eraportal.sk/","name":"Eraportal","description":"","potentialAction":[{"@type":"SearchAction","target":{"@type":"EntryPoint","urlTemplate":"https://eraportal.sk/?s={search_term_string}"},"query-input":{"@type":"PropertyValueSpecification","valueRequired":true,"valueName":"search_term_string"}}],"inLanguage":"en-US"}]}</script>
<!-- / Yoast SEO plugin. -->

18. Zasadnutie koordinačnej platformy Rady vlády SR pre vedu, techniku a inovácie (RVVTI) - Eraportal

Cieľom stretnutia bolo oboznámiť členov s aktuálnym stavom strategických dokumentov.

Domovská stránka

18. Zasadnutie koordinačnej platformy Rady vlády SR pre vedu, techniku a inovácie (RVVTI)
